{"id":287,"date":"2021-12-10T15:20:43","date_gmt":"2021-12-10T14:20:43","guid":{"rendered":"https:\/\/math.univ-lyon1.fr\/dbl-licence-matheco\/?page_id=287"},"modified":"2021-12-26T14:24:35","modified_gmt":"2021-12-26T13:24:35","slug":"poursuite-detudes","status":"publish","type":"page","link":"https:\/\/math.univ-lyon1.fr\/dbl-licence-matheco\/?page_id=287","title":{"rendered":"Poursuite d&rsquo;\u00e9tudes"},"content":{"rendered":"\n<div class=\"wp-block-group alignfull\"><div class=\"wp-block-group__inner-container is-layout-flow wp-block-group-is-layout-flow\">\n<div style=\"height:50px\" aria-hidden=\"true\" class=\"wp-block-spacer\"><\/div>\n\n\n\n<div class=\"wp-block-cover alignfull has-background-dim\" style=\"background-color:#1596ff;min-height:162px;aspect-ratio:unset;\"><img loading=\"lazy\" decoding=\"async\" width=\"1880\" height=\"1253\" class=\"wp-block-cover__image-background wp-image-61\" alt=\"\" src=\"https:\/\/math.univ-lyon1.fr\/dbl-licence-matheco\/wp-content\/uploads\/2021\/12\/pexels-photo-2387532.jpeg\" data-object-fit=\"cover\" srcset=\"https:\/\/math.univ-lyon1.fr\/dbl-licence-matheco\/wp-content\/uploads\/2021\/12\/pexels-photo-2387532.jpeg 1880w, https:\/\/math.univ-lyon1.fr\/dbl-licence-matheco\/wp-content\/uploads\/2021\/12\/pexels-photo-2387532-300x200.jpeg 300w, https:\/\/math.univ-lyon1.fr\/dbl-licence-matheco\/wp-content\/uploads\/2021\/12\/pexels-photo-2387532-1024x682.jpeg 1024w, https:\/\/math.univ-lyon1.fr\/dbl-licence-matheco\/wp-content\/uploads\/2021\/12\/pexels-photo-2387532-768x512.jpeg 768w, https:\/\/math.univ-lyon1.fr\/dbl-licence-matheco\/wp-content\/uploads\/2021\/12\/pexels-photo-2387532-1536x1024.jpeg 1536w, https:\/\/math.univ-lyon1.fr\/dbl-licence-matheco\/wp-content\/uploads\/2021\/12\/pexels-photo-2387532-1568x1045.jpeg 1568w\" sizes=\"auto, (max-width: 1880px) 100vw, 1880px\" \/><div class=\"wp-block-cover__inner-container is-layout-flow wp-block-cover-is-layout-flow\">\n<p class=\"has-text-align-center has-background-color has-text-color\" style=\"font-size:35px\">Quel Master apr\u00e8s la Double Licence Math\u00e9co ? <\/p>\n<\/div><\/div>\n\n\n\n<div style=\"height:50px\" aria-hidden=\"true\" class=\"wp-block-spacer\"><\/div>\n\n\n\n<p>La Double Licence \u00ab\u00a0Math\u00e9matiques et \u00c9conomie\u00a0\u00bb est tr\u00e8s rarement un dipl\u00f4me final pour acc\u00e9der directement au march\u00e9 du travail. En revanche c&rsquo;est cette Double Licence constitue la premi\u00e8re \u00e9tape de r\u00e9f\u00e9rence pour engager une poursuite d&rsquo;\u00e9tudes en Master. Cette formation se distingue nettement par la grande vari\u00e9t\u00e9 des Masters possibles.<\/p>\n\n\n\n<p>Vous avez le choix soit de poursuivre soit sur des Masters qui <\/p>\n\n\n\n<ul class=\"wp-block-list\"><li>combinent toujours la pluridisciplinarit\u00e9 entre math\u00e9matiques et \u00e9conomie  comme l&rsquo;\u00e9conom\u00e9trie, les statistiques<\/li><li>privil\u00e9gient les math\u00e9matiques appliqu\u00e9es<\/li><li>se concentrent sur un domaine de l\u2019\u00c9conomie comme la micro\u00e9conomie<\/li><li>se sp\u00e9cialisent sur des domaines connexes comme l&rsquo;Informatique, les sciences de la donn\u00e9e, la gestion, l&rsquo;actuariat, les biostatistiques<\/li><\/ul>\n\n\n\n<p>Notez que la plupart de ces sp\u00e9cialit\u00e9s de Master se trouvent bien sur Lyon, qu&rsquo;en France ou l&rsquo;\u00e9tranger. <\/p>\n\n\n\n<div style=\"height:42px\" aria-hidden=\"true\" class=\"wp-block-spacer\"><\/div>\n\n\n\n<h2 class=\"wp-block-heading\">Quelques exemples de poursuite d&rsquo;\u00e9tudes : <\/h2>\n\n\n\n<div class=\"wp-block-columns is-layout-flex wp-container-core-columns-is-layout-9d6595d7 wp-block-columns-is-layout-flex\">\n<div class=\"wp-block-column is-layout-flow wp-block-column-is-layout-flow\">\n<ul class=\"wp-block-list\"><li>Masters d\u2019Econom\u00e9trie et Statistiques (dont <a href=\"http:\/\/isfa.univ-lyon1.fr\/formation\/econometrie-statistiques\/econometrie-et-statistiques-784953.kjsp\">celui de l\u2019UCBL-ISFA<\/a>)<\/li><li>Masters de Math\u00e9matiques Appliqu\u00e9es, Statistique (dont <a href=\"http:\/\/masterim.univ-lyon1.fr\/\">celui de l\u2019UCBL<\/a>)<\/li><li>\u00c9coles d\u2019actuariat (dont <a href=\"http:\/\/isfa.univ-lyon1.fr\/formation\/actuariat\/formation-actuaire-784952.kjsp\">celle de l\u2019UCBL-ISFA<\/a>)<\/li><li>ENSAE &#8211; ENSAI, <\/li><\/ul>\n<\/div>\n\n\n\n<div class=\"wp-block-column is-layout-flow wp-block-column-is-layout-flow\">\n<ul class=\"wp-block-list\"><li>Masters d\u2019Economie<\/li><li>Masters de Gestion, Ecoles de Management<\/li><li>Masters M\u00e9tiers de l\u2019enseignement (dont celui de l\u2019UCBL)<\/li><li>Masters \u00e0 l\u2019\u00e9tranger, soit en acc\u00e8s direct, soit dans le cadre de partenariats avec l\u2019UCBL<\/li><\/ul>\n<\/div>\n<\/div>\n\n\n\n<h2 class=\"wp-block-heading\">Vid\u00e9os sur quelques domaines de sp\u00e9cialisations possibles :<\/h2>\n\n\n\n<ul class=\"wp-block-list\"><li><a rel=\"noreferrer noopener\" href=\"https:\/\/youtu.be\/ICcD76SqquU\" data-type=\"URL\" data-id=\"https:\/\/youtu.be\/ICcD76SqquU\" target=\"_blank\">15 Most In-Demand Jobs in 2021<\/a><\/li><li>Interview du Prix Nobel d\u2019\u00c9conomie 2021, Josh Angrist, \u00e0 propos des <strong>m\u00e9tiers de l&rsquo;\u00e9conom\u00e9trie<\/strong>: <a rel=\"noreferrer noopener\" href=\"https:\/\/youtu.be\/ZXgIEzf2wlc\" target=\"_blank\">If I Master Econometrics, What Jobs Can I Get?<\/a><\/li><\/ul>\n<\/div><\/div>\n","protected":false},"excerpt":{"rendered":"<p>La Double Licence \u00ab\u00a0Math\u00e9matiques et \u00c9conomie\u00a0\u00bb est tr\u00e8s rarement un dipl\u00f4me final pour acc\u00e9der directement au march\u00e9 du travail. En &hellip; <\/p>\n","protected":false},"author":3,"featured_media":0,"parent":0,"menu_order":0,"comment_status":"closed","ping_status":"closed","template":"","meta":{"footnotes":""},"class_list":["post-287","page","type-page","status-publish","hentry"],"_links":{"self":[{"href":"https:\/\/math.univ-lyon1.fr\/dbl-licence-matheco\/index.php?rest_route=\/wp\/v2\/pages\/287","targetHints":{"allow":["GET"]}}],"collection":[{"href":"https:\/\/math.univ-lyon1.fr\/dbl-licence-matheco\/index.php?rest_route=\/wp\/v2\/pages"}],"about":[{"href":"https:\/\/math.univ-lyon1.fr\/dbl-licence-matheco\/index.php?rest_route=\/wp\/v2\/types\/page"}],"author":[{"embeddable":true,"href":"https:\/\/math.univ-lyon1.fr\/dbl-licence-matheco\/index.php?rest_route=\/wp\/v2\/users\/3"}],"replies":[{"embeddable":true,"href":"https:\/\/math.univ-lyon1.fr\/dbl-licence-matheco\/index.php?rest_route=%2Fwp%2Fv2%2Fcomments&post=287"}],"version-history":[{"count":6,"href":"https:\/\/math.univ-lyon1.fr\/dbl-licence-matheco\/index.php?rest_route=\/wp\/v2\/pages\/287\/revisions"}],"predecessor-version":[{"id":1158,"href":"https:\/\/math.univ-lyon1.fr\/dbl-licence-matheco\/index.php?rest_route=\/wp\/v2\/pages\/287\/revisions\/1158"}],"wp:attachment":[{"href":"https:\/\/math.univ-lyon1.fr\/dbl-licence-matheco\/index.php?rest_route=%2Fwp%2Fv2%2Fmedia&parent=287"}],"curies":[{"name":"wp","href":"https:\/\/api.w.org\/{rel}","templated":true}]}}