{"id":42,"date":"2022-01-25T13:21:33","date_gmt":"2022-01-25T12:21:33","guid":{"rendered":"https:\/\/math.univ-lyon1.fr\/gdr-hdm\/?page_id=42"},"modified":"2022-02-04T14:33:29","modified_gmt":"2022-02-04T13:33:29","slug":"financements-proposes-le-gdr","status":"publish","type":"page","link":"https:\/\/math.univ-lyon1.fr\/gdr-hdm\/?page_id=42","title":{"rendered":"Financements propos\u00e9s par le GDR"},"content":{"rendered":"<p>Le GDR 3398 \u00ab Histoire des math\u00e9matiques \u00bb a pour vocation de favoriser le d\u00e9veloppement continu et de qualit\u00e9 de l&rsquo;histoire des math\u00e9matiques en privil\u00e9giant une approche f\u00e9d\u00e9ratrice des activit\u00e9s existant dans le domaine de l\u2019histoire des math\u00e9matiques en France.<\/p>\n<p>Dans la mesure de son budget, il soutient ainsi :<\/p>\n<p>&#8211; des activit\u00e9s transversales visant toute la communaut\u00e9 des historien\u00b7ne\u00b7s des math\u00e9matiques, telles le S\u00e9minaire d\u2019histoire des math\u00e9matiques de l\u2019IHP, le colloque annuel de la <em>Revue d\u2019histoire des math\u00e9matiques<\/em>, ou encore l\u2019organisation d\u2019une \u00c9cole \u00e0 destinations des doctorant\u00b7e\u00b7s et jeunes chercheur\u00b7e\u00b7s en histoire des math\u00e9matiques tous les quatre ans ;<\/p>\n<p>&#8211; des activite\u0301s collectives, impliquant plusieurs n\u0153uds du GDR, avec deux axes prioritaires : les ateliers et groupes de travail qui donnent lieu a\u0300 des collaborations pour penser des programmes de recherche a\u0300 plus long terme ainsi que les initiatives interdisciplinaires incluant explicitement l\u2019histoire des math\u00e9matiques ;<\/p>\n<p>&#8211; des missions individuelles, tout particulie\u0300rement pour les doctorant\u00b7e\u00b7s et les jeunes chercheur\u00b7e\u00b7s et chercheur\u00b7e\u00b7s isole\u0301\u00b7e\u00b7s, sous la forme de missions d\u2019archives et participation a\u0300 des journe\u0301es d\u2019e\u0301tude et colloques.<\/p>\n<p>Nous invitons les chercheur\u00b7e\u00b7s qui le souhaiteraient \u00e0 soumettre \u00e0 l\u2019adresse <a href=\"mailto:gdr-hdm-coordination@listes.math.cnrs.fr\">gdr-hdm-coordination@listes.math.cnrs.fr<\/a> leurs demandes de financement en indiquant un descriptif du projet et son int\u00e9gration dans les missions du GDR, ainsi qu\u2019un budget pr\u00e9visionnel comportant les diff\u00e9rentes d\u00e9penses et recettes pr\u00e9vues (<a href=\"https:\/\/math.univ-lyon1.fr\/gdr-hdm\/wp-content\/uploads\/2022\/02\/GDR_HdM_formulaire_Demande_Financement.odt\">document \u00e0 compl\u00e9ter et envoyer<\/a>).<\/p>\n","protected":false},"excerpt":{"rendered":"<p>Le GDR 3398 \u00ab Histoire des math\u00e9matiques \u00bb a pour vocation de favoriser le d\u00e9veloppement continu et de qualit\u00e9 de &hellip; <\/p>\n","protected":false},"author":2,"featured_media":0,"parent":33,"menu_order":0,"comment_status":"closed","ping_status":"closed","template":"","meta":{"footnotes":""},"class_list":["post-42","page","type-page","status-publish","hentry"],"_links":{"self":[{"href":"https:\/\/math.univ-lyon1.fr\/gdr-hdm\/index.php?rest_route=\/wp\/v2\/pages\/42","targetHints":{"allow":["GET"]}}],"collection":[{"href":"https:\/\/math.univ-lyon1.fr\/gdr-hdm\/index.php?rest_route=\/wp\/v2\/pages"}],"about":[{"href":"https:\/\/math.univ-lyon1.fr\/gdr-hdm\/index.php?rest_route=\/wp\/v2\/types\/page"}],"author":[{"embeddable":true,"href":"https:\/\/math.univ-lyon1.fr\/gdr-hdm\/index.php?rest_route=\/wp\/v2\/users\/2"}],"replies":[{"embeddable":true,"href":"https:\/\/math.univ-lyon1.fr\/gdr-hdm\/index.php?rest_route=%2Fwp%2Fv2%2Fcomments&post=42"}],"version-history":[{"count":6,"href":"https:\/\/math.univ-lyon1.fr\/gdr-hdm\/index.php?rest_route=\/wp\/v2\/pages\/42\/revisions"}],"predecessor-version":[{"id":140,"href":"https:\/\/math.univ-lyon1.fr\/gdr-hdm\/index.php?rest_route=\/wp\/v2\/pages\/42\/revisions\/140"}],"up":[{"embeddable":true,"href":"https:\/\/math.univ-lyon1.fr\/gdr-hdm\/index.php?rest_route=\/wp\/v2\/pages\/33"}],"wp:attachment":[{"href":"https:\/\/math.univ-lyon1.fr\/gdr-hdm\/index.php?rest_route=%2Fwp%2Fv2%2Fmedia&parent=42"}],"curies":[{"name":"wp","href":"https:\/\/api.w.org\/{rel}","templated":true}]}}