{"id":53,"date":"2022-01-25T13:32:57","date_gmt":"2022-01-25T12:32:57","guid":{"rendered":"https:\/\/math.univ-lyon1.fr\/gdr-hdm\/?page_id=53"},"modified":"2022-05-27T15:38:18","modified_gmt":"2022-05-27T13:38:18","slug":"les-ecoles-du-gdr","status":"publish","type":"page","link":"https:\/\/math.univ-lyon1.fr\/gdr-hdm\/?page_id=53","title":{"rendered":"Les \u00c9coles du GDR"},"content":{"rendered":"<div class=\"page\" title=\"Page 6\">\n<div class=\"layoutArea\">\n<div class=\"column\">\n<p>La formation des jeunes historien\u00b7ne\u00b7s des math\u00e9matiques est un objectif principal du GDR depuis son commencement. Pour remplir cette mission, une \u00c9cole est organis\u00e9e tous les quatre ans depuis la cr\u00e9ation du GDR en 2011. Elle s&rsquo;adresse principalement aux jeunes chercheur\u00b7e\u00b7s en histoire des math\u00e9matiques et est organis\u00e9e selon des blocs th\u00e9matiques, compos\u00e9s de cours pl\u00e9niers et d&rsquo;ateliers.<\/p>\n<p style=\"text-align: center;\"><span style=\"font-size: 14pt; color: #ff0000;\"><strong>La prochaine \u00e9cole du GDR aura lieu du 27 au 31 mars 2023 au CIRM, plus d&rsquo;informations sur <a style=\"color: #ff0000;\" href=\"https:\/\/conferences.cirm-math.fr\/2741.html\">cette page<\/a><\/strong><\/span><\/p>\n<\/div>\n<\/div>\n<\/div>\n<h3>Archives<\/h3>\n<ul>\n<li><a href=\"https:\/\/math.univ-lyon1.fr\/gdr-hdm\/?page_id=57\">\u00c9cole 2013<\/a> &#8211; Sources en histoire des math\u00e9matiques<\/li>\n<li><a href=\"https:\/\/math.univ-lyon1.fr\/gdr-hdm\/?page_id=91\">\u00c9cole 2017<\/a> &#8211; Math\u00e9matiques en circulation et en mutation : textes et th\u00e9ories dans le temps et dans l\u2019espace<\/li>\n<\/ul>\n","protected":false},"excerpt":{"rendered":"<p>La formation des jeunes historien\u00b7ne\u00b7s des math\u00e9matiques est un objectif principal du GDR depuis son commencement. Pour remplir cette mission, &hellip; <\/p>\n","protected":false},"author":2,"featured_media":0,"parent":0,"menu_order":0,"comment_status":"closed","ping_status":"closed","template":"","meta":{"footnotes":""},"class_list":["post-53","page","type-page","status-publish","hentry"],"_links":{"self":[{"href":"https:\/\/math.univ-lyon1.fr\/gdr-hdm\/index.php?rest_route=\/wp\/v2\/pages\/53","targetHints":{"allow":["GET"]}}],"collection":[{"href":"https:\/\/math.univ-lyon1.fr\/gdr-hdm\/index.php?rest_route=\/wp\/v2\/pages"}],"about":[{"href":"https:\/\/math.univ-lyon1.fr\/gdr-hdm\/index.php?rest_route=\/wp\/v2\/types\/page"}],"author":[{"embeddable":true,"href":"https:\/\/math.univ-lyon1.fr\/gdr-hdm\/index.php?rest_route=\/wp\/v2\/users\/2"}],"replies":[{"embeddable":true,"href":"https:\/\/math.univ-lyon1.fr\/gdr-hdm\/index.php?rest_route=%2Fwp%2Fv2%2Fcomments&post=53"}],"version-history":[{"count":19,"href":"https:\/\/math.univ-lyon1.fr\/gdr-hdm\/index.php?rest_route=\/wp\/v2\/pages\/53\/revisions"}],"predecessor-version":[{"id":190,"href":"https:\/\/math.univ-lyon1.fr\/gdr-hdm\/index.php?rest_route=\/wp\/v2\/pages\/53\/revisions\/190"}],"wp:attachment":[{"href":"https:\/\/math.univ-lyon1.fr\/gdr-hdm\/index.php?rest_route=%2Fwp%2Fv2%2Fmedia&parent=53"}],"curies":[{"name":"wp","href":"https:\/\/api.w.org\/{rel}","templated":true}]}}