{"id":78,"date":"2023-05-11T12:45:36","date_gmt":"2023-05-11T10:45:36","guid":{"rendered":"https:\/\/web1-math.univ-lyon1.fr\/wpinterneticj\/?page_id=78"},"modified":"2025-12-16T16:34:57","modified_gmt":"2025-12-16T15:34:57","slug":"combinatoire-et-theorie-des-nombres","status":"publish","type":"page","link":"https:\/\/math.univ-lyon1.fr\/icj\/combinatoire-et-theorie-des-nombres\/","title":{"rendered":"Combinatoire et th\u00e9orie des nombres"},"content":{"rendered":"\n<p>Nos recherches s\u2019articulent autour des trois axes principaux que sont la combinatoire et la th\u00e9orie des nombres et les structures discr\u00e8tes. Nous attachons une grande importance aux nombreuses interactions existant entre ces th\u00e8mes.<\/p>\n\n\n\n<h4 class=\"wp-block-heading\"><strong>Pr\u00e9sentation des th\u00e9matiques<\/strong><\/h4>\n\n\n\n<p>Les th\u00e8mes de recherche de notre \u00e9quipe peuvent \u00eatre classifi\u00e9s en six grands th\u00e8mes&nbsp;:<\/p>\n\n\n\n<ul class=\"wp-block-list\">\n<li>Equations fonctionnelles, transcendance et th\u00e9ories galoisiennes<\/li>\n\n\n\n<li>Combinatoire \u00e9num\u00e9rative et alg\u00e9brique<\/li>\n\n\n\n<li>Arithm\u00e9tique en caract\u00e9ristique non nulle<\/li>\n\n\n\n<li>M\u00e9thodes diophantiennes et analytiques<\/li>\n\n\n\n<li>Structures discr\u00e8tes<\/li>\n\n\n\n<li>Formalisation et g\u00e9om\u00e9trie arithm\u00e9tique<\/li>\n<\/ul>\n\n\n\n<h4 class=\"wp-block-heading\"><strong>Activit\u00e9s collectives, \u00e9v\u00e9nements<\/strong><\/h4>\n\n\n\n<ul class=\"wp-block-list\">\n<li><a href=\"https:\/\/indico.math.cnrs.fr\/category\/180\/\">S\u00e9minaire de th\u00e9orie des nombres et combinatoire<\/a><br>Le s\u00e9minaire parle le plus souvent des th\u00e8mes ci-dessus mais il est ouvert \u00e0 des expos\u00e9s introductifs sur d\u2019autres sujets. Si vous d\u00e9sirez pr\u00e9senter vos travaux, nous vous invitons \u00e0 prendre contact avec <a href=\"mailto:gerber@math.univ-lyon1.fr\" data-type=\"link\" data-id=\"nadeau@math.univ-lyon1.fr\">Thomas Gerber<\/a>, <a href=\"mailto:poels@math.univ-lyon1.fr\">Anthony Poels<\/a> ou <a href=\"mailto:roblot@math.univ-lyon1.fr\">Xavier Roblot<\/a> \u2014 le mardi \u00e0 10 h 45 (10 h 30 pour les croissants et chocolatines).<\/li>\n\n\n\n<li><a href=\"https:\/\/journeesdiophan.sciencesconf.org\/\">Journ\u00e9es diophantiennes<\/a> : co-organis\u00e9es par Anthony Po\u00ebls &#8211; Lyon 25 &#8211; 26 novembre 2025.<\/li>\n\n\n\n<li><a href=\"https:\/\/www.univ-st-etienne.fr\/fr\/icj\/actualites-icj\/actualites-2024-2025\/number-theory-conference.html\" data-type=\"link\" data-id=\"https:\/\/www.univ-st-etienne.fr\/fr\/icj\/actualites-icj\/actualites-2024-2025\/number-theory-conference.html\">Number Theory Conference : analytic, additive, diophantine aspects and related areas<\/a> : co-organis\u00e9e par D. Essouabri, F. Hennecart, M. Munsch et O. Robert \u00e0 Saint-Etienne en 2024<\/li>\n\n\n\n<li>Journ\u00e9es Lyon &#8211; Clermont-Ferrand financ\u00e9es par la f\u00e9d\u00e9ration de recherche en math\u00e9matiques Auvergne-Rh\u00f4ne-Alpes : &nbsp;1\u00e8re \u00e9dition \u00e0 Lyon le mardi 26 septembre 2023 et 2\u00e8me \u00e9dition \u00e0 Clermont-Ferrand le mardi 7 mai&nbsp;2024.<\/li>\n<\/ul>\n\n\n\n<h4 class=\"wp-block-heading\"><strong>Projets &amp; Contrats<\/strong><\/h4>\n\n\n\n<ul class=\"wp-block-list\">\n<li>ANR False &#8211; Formalizing Arithmetic in the Lean Software Environment<br>Responsable du projet : Filippo A. E. Nuccio Mortarino Majno di Capriglio. Autre membre de l&rsquo;\u00e9quipe CTN dans ce projet : Xavier Roblot<\/li>\n\n\n\n<li>ANR GoDiBAp\u00a0&#8211; Good Distribution and Bad Approximability<br>Membres de l&rsquo;\u00e9quipe CTN dans ce projet : Thomas Gerber, Anthony Po\u00ebls.<\/li>\n\n\n\n<li><a href=\"https:\/\/sites.google.com\/site\/fjzeta2015\/home\">Fonctions z\u00eata \u00e0 plusieurs variables et applications<\/a><br>Projet du CNRS et de la soci\u00e9t\u00e9 Japonaise pour la promotion des sciences (JSPS). Responsable fran\u00e7ais du projet\u00a0: Driss Essouabri. Autres membres de l&rsquo;\u00e9quipe CTN dans ce projet\u00a0: Filippo Nuccio, Federico Pellarin, Xavier Roblot<\/li>\n\n\n\n<li>MZFTTA-Multivariate Zeta functions, Tauberian theorems and Applications<br>Projet dans le cadre du programme de coop\u00e9ration scientifique MATH-AmSud entre la France et l\u2019Am\u00e9rique Latine. Coordinateur international et responsable Fran\u00e7ais du projet avec le Br\u00e9sil et le P\u00e9rou\u00a0: Driss Essouabri<\/li>\n\n\n\n<li><a href=\"https:\/\/specfun.inria.fr\/chyzak\/DeRerumNatura\/\">De rerun natura<\/a><br>Projet ANR. Responsable local\u00a0: Julien Roques. Autres membres de l&rsquo;\u00e9quipe CTN dans ce projet\u00a0: Boris Adamczewski, Eric Delaygue<\/li>\n<\/ul>\n\n\n\n<h4 class=\"wp-block-heading\"><strong>Publications choisies<\/strong> r\u00e9centes<\/h4>\n\n\n\n<ul class=\"wp-block-list\">\n<li>B. Adamczewski, C. Faverjon, <em>Mahler&rsquo;s method in several variables<\/em>, Annals of Math., to appear, 68 pp.<\/li>\n\n\n\n<li>A. Po\u00ebls, <em>On approximation to a real number by algebraic numbers of bounded degree<\/em>, Annals of Math. 201 (2025), 307\u2013330.<\/li>\n\n\n\n<li>E. Delaygue,\u00a0<em>A Lindemann-Weierstrass theorem for E-functions<\/em>, J. Reine Angew. Math. 820 (2025), 75-85.<\/li>\n\n\n\n<li>P. Nadeau and V. Tewari, <em>Forest polynomials and the class of the permutahedral variety<\/em>, Adv. in Math. 453 (2024), paper No 109834.<\/li>\n\n\n\n<li>D. Asgeirsson, R. Brasca, N. Kuhn, F. A. E. Nuccio Mortarino Majno Di Capriglio, A. Topaz, <em>Categorical Foundations Of Formalized Condensed Mathematics<\/em>,&nbsp;The Journal of Symbolic Logic. Published online 2024:1-28. doi:10.1017\/jsl.2024.69<\/li>\n\n\n\n<li>P. Afsharijoo, J. Dousse, F. Jouhet and H. Mourtada, <em>New companions to the Andrews-Gordon identities motivated by commutative algebra<\/em>, Adv. Math. 417 (2023), 28 pp.<\/li>\n\n\n\n<li>A. Bretto, A. Faisant et F. Hennecart. <em>Elements of graph theory\u2013from basic concepts to modern developments<\/em>, EMS Textbk. Math. EMS Press, Berlin, 2022, 486 pp.<\/li>\n\n\n\n<li>\u00a0T. Ngo Dac, <em>On Zagier-Hoffman\u2019s conjectures in positive characteristic<\/em>, Annals of Math. 194 (2021), 361\u2013392.<\/li>\n\n\n\n<li>B. Adamczewski, T. Dreyfus, and C. Hardouin, <em>Hypertranscendence and linear difference equations<\/em>, J. Amer. Math. Soc. 34 (2021) 475-503.<\/li>\n\n\n\n<li>A. Baanen, S. R. Dahmen, A. Narayanan, Ashvni and F. A. E. Nuccio Mortarino Majno di Capriglio. <a href=\"https:\/\/drops.dagstuhl.de\/opus\/volltexte\/2021\/13900\/\"><em>A Formalization of Dedekind Domains and Class Groups of Global Fields<\/em><\/a>. 12th International Conference on Interactive Theorem Proving (ITP 2021).<\/li>\n\n\n\n<li>B. Adamczewski, J. Bell, and E. Delaygue, <em>Algebraic independence of G-functions and congruences \u00ab\u00a0\u00e0 la Lucas\u00a0\u00bb<\/em>, Ann. Sci. \u00c9c. Norm. Sup\u00e9r. 52 (2019), 515-559.<\/li>\n\n\n\n<li>R. Biagioli, F. Jouhet, and P. Nadeau. <em>321-avoiding affine permutations and their many heaps<\/em>, J. Combin. Theory Series A, 162 (2019), 271-305.<\/li>\n<\/ul>\n\n\n\n<h4 class=\"wp-block-heading\"><strong>Membres<\/strong><\/h4>\n\n\n\n\t\t<br \/>\n\t\t<table style=\"width: 600px;\">\n\t\t\t<tr style=\"background-color: white;\">\n\t\t\t\t<td align=\"left\" style=\"font-size: 14px;\">\n\t\t\t\t\t&nbsp;<a class=\"spip_out\" href=\"https:\/\/adamczewski.perso.math.cnrs.fr\/\">Boris Adamczewski<\/a>&nbsp;\t\t\t\t<\/td>\n\t\t\t\t<td align=\"right\" style=\"font-size: 14px;\">\n\t\t\t\t\t&nbsp;+33 (0)472446273&nbsp;\t\t\t\t<\/td>\n\t\t\t\t<td align=\"right\" style=\"font-size: 14px;\">\n\t\t\t\t\t&nbsp;(UCBL-Braconnier&nbsp;&nbsp;103)\t\t\t\t<\/td>\n\t\t\t<\/tr>\n\t\t\t<tr style=\"background-color: #eaeaea;\">\n\t\t\t\t<td align=\"left\" style=\"font-size: 14px;\">\n\t\t\t\t\t&nbsp;Enzo Brechler&nbsp;\t\t\t\t<\/td>\n\t\t\t\t<td align=\"right\" style=\"font-size: 14px;\">\n\t\t\t\t\t&nbsp;+33 (0)4724.....&nbsp;\t\t\t\t<\/td>\n\t\t\t\t<td align=\"right\" style=\"font-size: 14px;\">\n\t\t\t\t\t&nbsp;(UCBL-Braconnier&nbsp;&nbsp;111B)\t\t\t\t<\/td>\n\t\t\t<\/tr>\n\t\t\t<tr style=\"background-color: white;\">\n\t\t\t\t<td align=\"left\" style=\"font-size: 14px;\">\n\t\t\t\t\t&nbsp;Gaelle Dejou&nbsp;\t\t\t\t<\/td>\n\t\t\t\t<td align=\"right\" style=\"font-size: 14px;\">\n\t\t\t\t\t&nbsp;+33 (0)472431186&nbsp;\t\t\t\t<\/td>\n\t\t\t\t<td align=\"right\" style=\"font-size: 14px;\">\n\t\t\t\t\t&nbsp;(UCBL-Braconnier&nbsp;&nbsp;207)\t\t\t\t<\/td>\n\t\t\t<\/tr>\n\t\t\t<tr style=\"background-color: #eaeaea;\">\n\t\t\t\t<td align=\"left\" style=\"font-size: 14px;\">\n\t\t\t\t\t&nbsp;<a class=\"spip_out\" href=\"https:\/\/sites.google.com\/site\/ericdelaygue\/\">Eric Delaygue<\/a>&nbsp;\t\t\t\t<\/td>\n\t\t\t\t<td align=\"right\" style=\"font-size: 14px;\">\n\t\t\t\t\t&nbsp;+33 (0)472431628&nbsp;\t\t\t\t<\/td>\n\t\t\t\t<td align=\"right\" style=\"font-size: 14px;\">\n\t\t\t\t\t&nbsp;(UCBL-Braconnier&nbsp;&nbsp;218)\t\t\t\t<\/td>\n\t\t\t<\/tr>\n\t\t\t<tr style=\"background-color: white;\">\n\t\t\t\t<td align=\"left\" style=\"font-size: 14px;\">\n\t\t\t\t\t&nbsp;<a class=\"spip_out\" href=\"http:\/\/math.univ-lyon1.fr\/~deleglis\/\">Marc Del\u00e9glise<\/a>&nbsp;\t\t\t\t<\/td>\n\t\t\t\t<td align=\"right\" style=\"font-size: 14px;\">\n\t\t\t\t\t&nbsp;+33 (0)&nbsp;\t\t\t\t<\/td>\n\t\t\t\t<td align=\"right\" style=\"font-size: 14px;\">\n\t\t\t\t\t&nbsp;(UCBL-Braconnier&nbsp;&nbsp;)\t\t\t\t<\/td>\n\t\t\t<\/tr>\n\t\t\t<tr style=\"background-color: #eaeaea;\">\n\t\t\t\t<td align=\"left\" style=\"font-size: 14px;\">\n\t\t\t\t\t&nbsp;<a class=\"spip_out\" href=\"https:\/\/perso.univ-st-etienne.fr\/esdr9935\/Page_D.Essouabri.htm\">Driss Essouabri<\/a>&nbsp;\t\t\t\t<\/td>\n\t\t\t\t<td align=\"right\" style=\"font-size: 14px;\">\n\t\t\t\t\t&nbsp;+33 (0)477485138&nbsp;\t\t\t\t<\/td>\n\t\t\t\t<td align=\"right\" style=\"font-size: 14px;\">\n\t\t\t\t\t&nbsp;(UJM-Manufacture&nbsp;&nbsp;M301)\t\t\t\t<\/td>\n\t\t\t<\/tr>\n\t\t\t<tr style=\"background-color: white;\">\n\t\t\t\t<td align=\"left\" style=\"font-size: 14px;\">\n\t\t\t\t\t&nbsp;Alain Faisant&nbsp;\t\t\t\t<\/td>\n\t\t\t\t<td align=\"right\" style=\"font-size: 14px;\">\n\t\t\t\t\t&nbsp;+33 (0)477481529&nbsp;\t\t\t\t<\/td>\n\t\t\t\t<td align=\"right\" style=\"font-size: 14px;\">\n\t\t\t\t\t&nbsp;(UJM-Manufacture&nbsp;&nbsp;M315)\t\t\t\t<\/td>\n\t\t\t<\/tr>\n\t\t\t<tr style=\"background-color: #eaeaea;\">\n\t\t\t\t<td align=\"left\" style=\"font-size: 14px;\">\n\t\t\t\t\t&nbsp;<a class=\"spip_out\" href=\"http:\/\/dossier.univ-st-etienne.fr\/lamuse\/www\/annuaire\/foucault\/CVFoucault.html\">Fran\u00e7ois Foucault<\/a>&nbsp;\t\t\t\t<\/td>\n\t\t\t\t<td align=\"right\" style=\"font-size: 14px;\">\n\t\t\t\t\t&nbsp;+33 (0)477481537&nbsp;\t\t\t\t<\/td>\n\t\t\t\t<td align=\"right\" style=\"font-size: 14px;\">\n\t\t\t\t\t&nbsp;(UJM-Manufacture&nbsp;&nbsp;M315)\t\t\t\t<\/td>\n\t\t\t<\/tr>\n\t\t\t<tr style=\"background-color: white;\">\n\t\t\t\t<td align=\"left\" style=\"font-size: 14px;\">\n\t\t\t\t\t&nbsp;Solal Gaudin&nbsp;\t\t\t\t<\/td>\n\t\t\t\t<td align=\"right\" style=\"font-size: 14px;\">\n\t\t\t\t\t&nbsp;+33 (0)472431189&nbsp;\t\t\t\t<\/td>\n\t\t\t\t<td align=\"right\" style=\"font-size: 14px;\">\n\t\t\t\t\t&nbsp;(UCBL-Braconnier&nbsp;&nbsp;111B)\t\t\t\t<\/td>\n\t\t\t<\/tr>\n\t\t\t<tr style=\"background-color: #eaeaea;\">\n\t\t\t\t<td align=\"left\" style=\"font-size: 14px;\">\n\t\t\t\t\t&nbsp;<a class=\"spip_out\" href=\"https:\/\/math.univ-lyon1.fr\/~gerber\/\">Thomas Gerber<\/a>&nbsp;\t\t\t\t<\/td>\n\t\t\t\t<td align=\"right\" style=\"font-size: 14px;\">\n\t\t\t\t\t&nbsp;+33 (0)4724.....&nbsp;\t\t\t\t<\/td>\n\t\t\t\t<td align=\"right\" style=\"font-size: 14px;\">\n\t\t\t\t\t&nbsp;(UCBL-Braconnier&nbsp;&nbsp;230)\t\t\t\t<\/td>\n\t\t\t<\/tr>\n\t\t\t<tr style=\"background-color: white;\">\n\t\t\t\t<td align=\"left\" style=\"font-size: 14px;\">\n\t\t\t\t\t&nbsp;<a class=\"spip_out\" href=\"https:\/\/perso.univ-st-etienne.fr\/grekos\/\">Georges Grekos<\/a>&nbsp;\t\t\t\t<\/td>\n\t\t\t\t<td align=\"right\" style=\"font-size: 14px;\">\n\t\t\t\t\t&nbsp;+33 (0)477481537&nbsp;\t\t\t\t<\/td>\n\t\t\t\t<td align=\"right\" style=\"font-size: 14px;\">\n\t\t\t\t\t&nbsp;(UJM-Manufacture&nbsp;&nbsp;M315)\t\t\t\t<\/td>\n\t\t\t<\/tr>\n\t\t\t<tr style=\"background-color: #eaeaea;\">\n\t\t\t\t<td align=\"left\" style=\"font-size: 14px;\">\n\t\t\t\t\t&nbsp;Laurent Habsieger&nbsp;\t\t\t\t<\/td>\n\t\t\t\t<td align=\"right\" style=\"font-size: 14px;\">\n\t\t\t\t\t&nbsp;+33 (0)472446243&nbsp;\t\t\t\t<\/td>\n\t\t\t\t<td align=\"right\" style=\"font-size: 14px;\">\n\t\t\t\t\t&nbsp;(UCBL-Braconnier&nbsp;&nbsp;107)\t\t\t\t<\/td>\n\t\t\t<\/tr>\n\t\t\t<tr style=\"background-color: white;\">\n\t\t\t\t<td align=\"left\" style=\"font-size: 14px;\">\n\t\t\t\t\t&nbsp;<a class=\"spip_out\" href=\"http:\/\/perso.univ-st-etienne.fr\/hennfran\/\">Fran\u00e7ois Hennecart<\/a>&nbsp;\t\t\t\t<\/td>\n\t\t\t\t<td align=\"right\" style=\"font-size: 14px;\">\n\t\t\t\t\t&nbsp;+33 (0)477481529&nbsp;\t\t\t\t<\/td>\n\t\t\t\t<td align=\"right\" style=\"font-size: 14px;\">\n\t\t\t\t\t&nbsp;(UJM-Manufacture&nbsp;&nbsp;M321)\t\t\t\t<\/td>\n\t\t\t<\/tr>\n\t\t\t<tr style=\"background-color: #eaeaea;\">\n\t\t\t\t<td align=\"left\" style=\"font-size: 14px;\">\n\t\t\t\t\t&nbsp;<a class=\"spip_out\" href=\"https:\/\/math.univ-lyon1.fr\/~jouhet\/\">Fr\u00e9d\u00e9ric Jouhet<\/a>&nbsp;\t\t\t\t<\/td>\n\t\t\t\t<td align=\"right\" style=\"font-size: 14px;\">\n\t\t\t\t\t&nbsp;+33 (0)472431628&nbsp;\t\t\t\t<\/td>\n\t\t\t\t<td align=\"right\" style=\"font-size: 14px;\">\n\t\t\t\t\t&nbsp;(UCBL-Braconnier&nbsp;&nbsp;218)\t\t\t\t<\/td>\n\t\t\t<\/tr>\n\t\t\t<tr style=\"background-color: white;\">\n\t\t\t\t<td align=\"left\" style=\"font-size: 14px;\">\n\t\t\t\t\t&nbsp;<a class=\"spip_out\" href=\"https:\/\/math.univ-lyon1.fr\/~lass\/\">Bodo Lass<\/a>&nbsp;\t\t\t\t<\/td>\n\t\t\t\t<td align=\"right\" style=\"font-size: 14px;\">\n\t\t\t\t\t&nbsp;+33 (0)472431904&nbsp;\t\t\t\t<\/td>\n\t\t\t\t<td align=\"right\" style=\"font-size: 14px;\">\n\t\t\t\t\t&nbsp;(UCBL-Braconnier&nbsp;&nbsp;220)\t\t\t\t<\/td>\n\t\t\t<\/tr>\n\t\t\t<tr style=\"background-color: #eaeaea;\">\n\t\t\t\t<td align=\"left\" style=\"font-size: 14px;\">\n\t\t\t\t\t&nbsp;Yoann Loday&nbsp;\t\t\t\t<\/td>\n\t\t\t\t<td align=\"right\" style=\"font-size: 14px;\">\n\t\t\t\t\t&nbsp;+33 (0)472448124&nbsp;\t\t\t\t<\/td>\n\t\t\t\t<td align=\"right\" style=\"font-size: 14px;\">\n\t\t\t\t\t&nbsp;(UCBL-Braconnier&nbsp;&nbsp;118)\t\t\t\t<\/td>\n\t\t\t<\/tr>\n\t\t\t<tr style=\"background-color: white;\">\n\t\t\t\t<td align=\"left\" style=\"font-size: 14px;\">\n\t\t\t\t\t&nbsp;Lo\u00efc Mermet&nbsp;\t\t\t\t<\/td>\n\t\t\t\t<td align=\"right\" style=\"font-size: 14px;\">\n\t\t\t\t\t&nbsp;+33 (0)477......&nbsp;\t\t\t\t<\/td>\n\t\t\t\t<td align=\"right\" style=\"font-size: 14px;\">\n\t\t\t\t\t&nbsp;(UJM-Manufacture&nbsp;&nbsp;M 313)\t\t\t\t<\/td>\n\t\t\t<\/tr>\n\t\t\t<tr style=\"background-color: #eaeaea;\">\n\t\t\t\t<td align=\"left\" style=\"font-size: 14px;\">\n\t\t\t\t\t&nbsp;<a class=\"spip_out\" href=\"http:\/\/math.univ-lyon1.fr\/~mosaki\/\">Elie Mosaki<\/a>&nbsp;\t\t\t\t<\/td>\n\t\t\t\t<td align=\"right\" style=\"font-size: 14px;\">\n\t\t\t\t\t&nbsp;+33 (0)426234555&nbsp;\t\t\t\t<\/td>\n\t\t\t\t<td align=\"right\" style=\"font-size: 14px;\">\n\t\t\t\t\t&nbsp;(UCBL-Braconnier&nbsp;&nbsp;127)\t\t\t\t<\/td>\n\t\t\t<\/tr>\n\t\t\t<tr style=\"background-color: white;\">\n\t\t\t\t<td align=\"left\" style=\"font-size: 14px;\">\n\t\t\t\t\t&nbsp;Marc Munsch&nbsp;\t\t\t\t<\/td>\n\t\t\t\t<td align=\"right\" style=\"font-size: 14px;\">\n\t\t\t\t\t&nbsp;+33 (0)477481529&nbsp;\t\t\t\t<\/td>\n\t\t\t\t<td align=\"right\" style=\"font-size: 14px;\">\n\t\t\t\t\t&nbsp;(UJM-Manufacture&nbsp;&nbsp;M317)\t\t\t\t<\/td>\n\t\t\t<\/tr>\n\t\t\t<tr style=\"background-color: #eaeaea;\">\n\t\t\t\t<td align=\"left\" style=\"font-size: 14px;\">\n\t\t\t\t\t&nbsp;<a class=\"spip_out\" href=\"https:\/\/math.univ-lyon1.fr\/~nadeau\/\">Philippe Nadeau<\/a>&nbsp;\t\t\t\t<\/td>\n\t\t\t\t<td align=\"right\" style=\"font-size: 14px;\">\n\t\t\t\t\t&nbsp;+33 (0)472431904&nbsp;\t\t\t\t<\/td>\n\t\t\t\t<td align=\"right\" style=\"font-size: 14px;\">\n\t\t\t\t\t&nbsp;(UCBL-Braconnier&nbsp;&nbsp;220)\t\t\t\t<\/td>\n\t\t\t<\/tr>\n\t\t\t<tr style=\"background-color: white;\">\n\t\t\t\t<td align=\"left\" style=\"font-size: 14px;\">\n\t\t\t\t\t&nbsp;Quang-Khai Nguyen&nbsp;\t\t\t\t<\/td>\n\t\t\t\t<td align=\"right\" style=\"font-size: 14px;\">\n\t\t\t\t\t&nbsp;+33 (0)472431190&nbsp;\t\t\t\t<\/td>\n\t\t\t\t<td align=\"right\" style=\"font-size: 14px;\">\n\t\t\t\t\t&nbsp;(UCBL-Braconnier&nbsp;&nbsp;219)\t\t\t\t<\/td>\n\t\t\t<\/tr>\n\t\t\t<tr style=\"background-color: #eaeaea;\">\n\t\t\t\t<td align=\"left\" style=\"font-size: 14px;\">\n\t\t\t\t\t&nbsp;<a class=\"spip_out\" href=\"http:\/\/perso.univ-st-etienne.fr\/nf51454h\/\">Filippo Nuccio<\/a>&nbsp;\t\t\t\t<\/td>\n\t\t\t\t<td align=\"right\" style=\"font-size: 14px;\">\n\t\t\t\t\t&nbsp;+33 (0)477481569&nbsp;\t\t\t\t<\/td>\n\t\t\t\t<td align=\"right\" style=\"font-size: 14px;\">\n\t\t\t\t\t&nbsp;(UJM-Manufacture&nbsp;&nbsp;M319)\t\t\t\t<\/td>\n\t\t\t<\/tr>\n\t\t\t<tr style=\"background-color: white;\">\n\t\t\t\t<td align=\"left\" style=\"font-size: 14px;\">\n\t\t\t\t\t&nbsp;<a class=\"spip_out\" href=\"http:\/\/apoels-math-u.net\/\">Anthony Poels<\/a>&nbsp;\t\t\t\t<\/td>\n\t\t\t\t<td align=\"right\" style=\"font-size: 14px;\">\n\t\t\t\t\t&nbsp;+33 (0)472431252&nbsp;\t\t\t\t<\/td>\n\t\t\t\t<td align=\"right\" style=\"font-size: 14px;\">\n\t\t\t\t\t&nbsp;(UCBL-Braconnier&nbsp;&nbsp;116)\t\t\t\t<\/td>\n\t\t\t<\/tr>\n\t\t\t<tr style=\"background-color: #eaeaea;\">\n\t\t\t\t<td align=\"left\" style=\"font-size: 14px;\">\n\t\t\t\t\t&nbsp;Timoth\u00e9e Rampal&nbsp;\t\t\t\t<\/td>\n\t\t\t\t<td align=\"right\" style=\"font-size: 14px;\">\n\t\t\t\t\t&nbsp;+33 (0)477781546&nbsp;\t\t\t\t<\/td>\n\t\t\t\t<td align=\"right\" style=\"font-size: 14px;\">\n\t\t\t\t\t&nbsp;(UJM-Manufacture&nbsp;&nbsp;M 313)\t\t\t\t<\/td>\n\t\t\t<\/tr>\n\t\t\t<tr style=\"background-color: white;\">\n\t\t\t\t<td align=\"left\" style=\"font-size: 14px;\">\n\t\t\t\t\t&nbsp;<a class=\"spip_out\" href=\"http:\/\/perso.univ-st-etienne.fr\/rool6510\/\">Olivier Robert<\/a>&nbsp;\t\t\t\t<\/td>\n\t\t\t\t<td align=\"right\" style=\"font-size: 14px;\">\n\t\t\t\t\t&nbsp;+33 (0)477481529&nbsp;\t\t\t\t<\/td>\n\t\t\t\t<td align=\"right\" style=\"font-size: 14px;\">\n\t\t\t\t\t&nbsp;(UJM-Manufacture&nbsp;&nbsp;M320)\t\t\t\t<\/td>\n\t\t\t<\/tr>\n\t\t\t<tr style=\"background-color: #eaeaea;\">\n\t\t\t\t<td align=\"left\" style=\"font-size: 14px;\">\n\t\t\t\t\t&nbsp;<a class=\"spip_out\" href=\"https:\/\/math.univ-lyon1.fr\/~roblot\/\">Xavier Roblot<\/a>&nbsp;\t\t\t\t<\/td>\n\t\t\t\t<td align=\"right\" style=\"font-size: 14px;\">\n\t\t\t\t\t&nbsp;+33 (0)472431908&nbsp;\t\t\t\t<\/td>\n\t\t\t\t<td align=\"right\" style=\"font-size: 14px;\">\n\t\t\t\t\t&nbsp;(UCBL-Braconnier&nbsp;&nbsp;244)\t\t\t\t<\/td>\n\t\t\t<\/tr>\n\t\t\t<tr style=\"background-color: white;\">\n\t\t\t\t<td align=\"left\" style=\"font-size: 14px;\">\n\t\t\t\t\t&nbsp;<a class=\"spip_out\" href=\"https:\/\/math.univ-lyon1.fr\/~roques\/\">Julien Roques<\/a>&nbsp;\t\t\t\t<\/td>\n\t\t\t\t<td align=\"right\" style=\"font-size: 14px;\">\n\t\t\t\t\t&nbsp;+33 (0)472431629&nbsp;\t\t\t\t<\/td>\n\t\t\t\t<td align=\"right\" style=\"font-size: 14px;\">\n\t\t\t\t\t&nbsp;(UCBL-Braconnier&nbsp;&nbsp;104)\t\t\t\t<\/td>\n\t\t\t<\/tr>\n\t\t\t<tr style=\"background-color: #eaeaea;\">\n\t\t\t\t<td align=\"left\" style=\"font-size: 14px;\">\n\t\t\t\t\t&nbsp;<a class=\"spip_out\" href=\"http:\/\/math.univ-lyon1.fr\/~sikad\/\">Hamza Si Kaddour<\/a>&nbsp;\t\t\t\t<\/td>\n\t\t\t\t<td align=\"right\" style=\"font-size: 14px;\">\n\t\t\t\t\t&nbsp;+33 (0)472431691&nbsp;\t\t\t\t<\/td>\n\t\t\t\t<td align=\"right\" style=\"font-size: 14px;\">\n\t\t\t\t\t&nbsp;(UCBL-Braconnier&nbsp;&nbsp;129)\t\t\t\t<\/td>\n\t\t\t<\/tr>\n\t\t\t<tr style=\"background-color: white;\">\n\t\t\t\t<td align=\"left\" style=\"font-size: 14px;\">\n\t\t\t\t\t&nbsp;<a class=\"spip_out\" href=\"https:\/\/lthomas.perso.math.cnrs.fr\">Lara Thomas<\/a>&nbsp;\t\t\t\t<\/td>\n\t\t\t\t<td align=\"right\" style=\"font-size: 14px;\">\n\t\t\t\t\t&nbsp;+33 (0)477481537&nbsp;\t\t\t\t<\/td>\n\t\t\t\t<td align=\"right\" style=\"font-size: 14px;\">\n\t\t\t\t\t&nbsp;(UJM-Manufacture&nbsp;&nbsp;M315)\t\t\t\t<\/td>\n\t\t\t<\/tr>\n\t\t\t<tr style=\"background-color: #eaeaea;\">\n\t\t\t\t<td align=\"left\" style=\"font-size: 14px;\">\n\t\t\t\t\t&nbsp;Chao Xu&nbsp;\t\t\t\t<\/td>\n\t\t\t\t<td align=\"right\" style=\"font-size: 14px;\">\n\t\t\t\t\t&nbsp;+33 (0)472431190&nbsp;\t\t\t\t<\/td>\n\t\t\t\t<td align=\"right\" style=\"font-size: 14px;\">\n\t\t\t\t\t&nbsp;(UCBL-Braconnier&nbsp;&nbsp;219)\t\t\t\t<\/td>\n\t\t\t<\/tr>\n\t\t\t<tr style=\"background-color: white;\">\n\t\t\t\t<td align=\"left\" style=\"font-size: 14px;\">\n\t\t\t\t\t&nbsp;Youssef Yjjou&nbsp;\t\t\t\t<\/td>\n\t\t\t\t<td align=\"right\" style=\"font-size: 14px;\">\n\t\t\t\t\t&nbsp;+33 (0)4724.....&nbsp;\t\t\t\t<\/td>\n\t\t\t\t<td align=\"right\" style=\"font-size: 14px;\">\n\t\t\t\t\t&nbsp;(UCBL-Braconnier&nbsp;&nbsp;109E)\t\t\t\t<\/td>\n\t\t\t<\/tr>\n\t\t\t<tr style=\"background-color: #eaeaea;\">\n\t\t\t\t<td align=\"left\" style=\"font-size: 14px;\">\n\t\t\t\t\t&nbsp;Luca Zamboni&nbsp;\t\t\t\t<\/td>\n\t\t\t\t<td align=\"right\" style=\"font-size: 14px;\">\n\t\t\t\t\t&nbsp;+33 (0)426234552&nbsp;\t\t\t\t<\/td>\n\t\t\t\t<td align=\"right\" style=\"font-size: 14px;\">\n\t\t\t\t\t&nbsp;(UCBL-Braconnier&nbsp;&nbsp;123)\t\t\t\t<\/td>\n\t\t\t<\/tr>\n\t\t\t<tr style=\"background-color: white;\">\n\t\t\t\t<td align=\"left\" style=\"font-size: 14px;\">\n\t\t\t\t\t&nbsp;<a class=\"spip_out\" href=\"https:\/\/math.univ-lyon1.fr\/~zeng\/\">Jiang Zeng<\/a>&nbsp;\t\t\t\t<\/td>\n\t\t\t\t<td align=\"right\" style=\"font-size: 14px;\">\n\t\t\t\t\t&nbsp;+33 (0)472431984&nbsp;\t\t\t\t<\/td>\n\t\t\t\t<td align=\"right\" style=\"font-size: 14px;\">\n\t\t\t\t\t&nbsp;(UCBL-Braconnier&nbsp;&nbsp;213)\t\t\t\t<\/td>\n\t\t\t<\/tr>\n\t\t\t<tr>\n\t\t\t\t<td colspan=\"3\" style=\"font-size: 13px;\">\n<br \/>Nombre de personnes : 33<br \/>\n\t\t\t\t<\/td>\n\t\t\t<\/tr>\n\t\t<\/table>\n\n\n\n\n<h4 class=\"wp-block-heading\">Quelques activit\u00e9s pass\u00e9es<\/h4>\n\n\n\n<ul class=\"wp-block-list\">\n<li><a href=\"https:\/\/semtournant-tdn.sciencesconf.org\/\">S\u00e9minaire tournant de th\u00e9orie des nombres<\/a><\/li>\n<\/ul>\n\n\n\n<h4 class=\"wp-block-heading\"><strong>Quelques anciens membres<\/strong><\/h4>\n\n\n\n<ul class=\"wp-block-list\">\n<li>Riccardo Biaggioli<\/li>\n\n\n\n<li>Pierre-Yves Bienvenu<\/li>\n\n\n\n<li>Maria Carrizosa<\/li>\n\n\n\n<li>Christophe Delaunay<\/li>\n\n\n\n<li>Jehanne Dousse<\/li>\n\n\n\n<li>Thomas Dreyfus<\/li>\n\n\n\n<li>Theresia Eisenk\u00f6lbl<\/li>\n\n\n\n<li>Gwladys Fernandes<\/li>\n\n\n\n<li>Clemens M\u00fcllner<\/li>\n\n\n\n<li>Daniel Vargas Montoya<\/li>\n\n\n\n<li>Tuan Ngo Dac<\/li>\n\n\n\n<li>Ca\u00efus Wojcik<\/li>\n\n\n\n<li>Reem Yassawi<\/li>\n<\/ul>\n\n\n\n<h4 class=\"wp-block-heading\"><strong>Contact<\/strong><\/h4>\n\n\n\n<p>Responsable de l\u2019\u00e9quipe&nbsp;: <a href=\"https:\/\/adamczewski.perso.math.cnrs.fr\">Boris Adamczewski<\/a><\/p>\n\n\n\n<p>Responsable de cette page&nbsp;: <a href=\"http:\/\/math.univ-lyon1.fr\/~roblot\/\">Xavier Roblot<\/a><\/p>\n","protected":false},"excerpt":{"rendered":"<p>Nos recherches s\u2019articulent autour des trois axes principaux que sont la combinatoire et la th\u00e9orie des nombres et les structures discr\u00e8tes. Nous attachons une grande importance aux nombreuses interactions existant entre ces th\u00e8mes. Pr\u00e9sentation des th\u00e9matiques Les th\u00e8mes de recherche de notre \u00e9quipe peuvent \u00eatre classifi\u00e9s en six grands th\u00e8mes&nbsp;: Activit\u00e9s collectives, \u00e9v\u00e9nements Projets &amp; [&hellip;]<\/p>\n","protected":false},"author":9,"featured_media":0,"parent":0,"menu_order":0,"comment_status":"closed","ping_status":"closed","template":"","meta":{"footnotes":""},"class_list":["post-78","page","type-page","status-publish","hentry"],"_links":{"self":[{"href":"https:\/\/math.univ-lyon1.fr\/icj\/wp-json\/wp\/v2\/pages\/78","targetHints":{"allow":["GET"]}}],"collection":[{"href":"https:\/\/math.univ-lyon1.fr\/icj\/wp-json\/wp\/v2\/pages"}],"about":[{"href":"https:\/\/math.univ-lyon1.fr\/icj\/wp-json\/wp\/v2\/types\/page"}],"author":[{"embeddable":true,"href":"https:\/\/math.univ-lyon1.fr\/icj\/wp-json\/wp\/v2\/users\/9"}],"replies":[{"embeddable":true,"href":"https:\/\/math.univ-lyon1.fr\/icj\/wp-json\/wp\/v2\/comments?post=78"}],"version-history":[{"count":28,"href":"https:\/\/math.univ-lyon1.fr\/icj\/wp-json\/wp\/v2\/pages\/78\/revisions"}],"predecessor-version":[{"id":2481,"href":"https:\/\/math.univ-lyon1.fr\/icj\/wp-json\/wp\/v2\/pages\/78\/revisions\/2481"}],"wp:attachment":[{"href":"https:\/\/math.univ-lyon1.fr\/icj\/wp-json\/wp\/v2\/media?parent=78"}],"curies":[{"name":"wp","href":"https:\/\/api.w.org\/{rel}","templated":true}]}}