{"id":928,"date":"2024-02-07T16:00:43","date_gmt":"2024-02-07T15:00:43","guid":{"rendered":"https:\/\/web1-math.univ-lyon1.fr\/wpinterneticj\/?page_id=928"},"modified":"2025-01-16T10:39:55","modified_gmt":"2025-01-16T09:39:55","slug":"contact-et-acces","status":"publish","type":"page","link":"https:\/\/math.univ-lyon1.fr\/icj\/contact-et-acces\/","title":{"rendered":"Contact et acc\u00e8s"},"content":{"rendered":"\n<div class=\"wp-block-group is-nowrap is-layout-flex wp-container-core-group-is-layout-6c531013 wp-block-group-is-layout-flex\">\n<div class=\"wp-block-columns is-layout-flex wp-container-core-columns-is-layout-28f84493 wp-block-columns-is-layout-flex\">\n<div class=\"wp-block-column is-layout-flow wp-block-column-is-layout-flow\">\n<figure class=\"wp-block-image size-full\"><img loading=\"lazy\" decoding=\"async\" width=\"400\" height=\"200\" src=\"https:\/\/math.univ-lyon1.fr\/icj\/wp-content\/uploads\/2024\/02\/Logo_ICJ_pour-bandeau.png\" alt=\"\" class=\"wp-image-776\" srcset=\"https:\/\/math.univ-lyon1.fr\/icj\/wp-content\/uploads\/2024\/02\/Logo_ICJ_pour-bandeau.png 400w, https:\/\/math.univ-lyon1.fr\/icj\/wp-content\/uploads\/2024\/02\/Logo_ICJ_pour-bandeau-300x150.png 300w\" sizes=\"auto, (max-width: 400px) 100vw, 400px\" \/><\/figure>\n<\/div>\n\n\n\n<div class=\"wp-block-column is-vertically-aligned-center is-layout-flow wp-block-column-is-layout-flow\">\n<p>L\u2019Institut Camille Jordan est un laboratoire multi-sites&nbsp;: la Doua \u00e0 Villeurbanne (b\u00e2timents Braconnier, CEI-2, L\u00e9onard de Vinci et Polytech), la M\u00e9tare \u00e0 Saint-\u00c9tienne, et campus de l\u2019\u00c9cole Centrale de Lyon \u00e0 \u00c9cully.<\/p>\n<\/div>\n<\/div>\n<\/div>\n\n\n\n<h3 class=\"wp-block-heading alignfull has-text-align-center has-background\" style=\"background-color:#d7f2fb\"><strong>Contact<\/strong><\/h3>\n\n\n\n<div class=\"wp-block-group alignfull is-content-justification-center is-nowrap is-layout-flex wp-container-core-group-is-layout-ce090dd7 wp-block-group-is-layout-flex\" style=\"border-bottom-width:2px;padding-bottom:var(--wp--preset--spacing--30)\">\n<div class=\"wp-block-columns are-vertically-aligned-center is-layout-flex wp-container-core-columns-is-layout-28f84493 wp-block-columns-is-layout-flex\">\n<div class=\"wp-block-column is-vertically-aligned-center is-layout-flow wp-block-column-is-layout-flow\">\n<h5 class=\"wp-block-heading\">Adresse postale principale<\/h5>\n\n\n\n<p><em>Institut Camille Jordan<br>Universit\u00e9 Claude Bernard Lyon 1<br>43 boulevard du 11 novembre 1918<br>F-69622 Villeurbanne Cedex<\/em><\/p>\n\n\n\n<p><strong>T\u00e9l\u00e9phone secr\u00e9tariat&nbsp;:<\/strong> +33 (0)472432941<br><strong>T\u00e9l\u00e9copie&nbsp;:<\/strong> +33 (0)472431687<br><strong>Courrier \u00e9lectronique secr\u00e9tariat&nbsp;:<\/strong> <a href=\"mailto:secretariat-ICJ@math.univ-lyon1.fr\">secretariat-ICJ@math.univ-lyon1.fr<\/a><br><strong>Courrier \u00e9lectronique direction&nbsp;:<\/strong> <a href=\"mailto:direction-ICJ@math.univ-lyon1.fr\">direction-ICJ@math.univ-lyon1.fr<\/a><\/p>\n<\/div>\n<\/div>\n<\/div>\n\n\n\n<div class=\"wp-block-group is-content-justification-space-between is-nowrap is-layout-flex wp-container-core-group-is-layout-cb46ffcb wp-block-group-is-layout-flex\">\n<div class=\"wp-block-columns wp-container-content-9cfa9a5a is-layout-flex wp-container-core-columns-is-layout-28f84493 wp-block-columns-is-layout-flex\">\n<div class=\"wp-block-column is-layout-flow wp-block-column-is-layout-flow\" style=\"border-right-style:none;border-right-width:0px\">\n<h5 class=\"wp-block-heading\">Adresse postale du site ECL<\/h5>\n\n\n\n<p><em>Institut Camille Jordan<br>\u00c9cole Centrale de Lyon<br>36 avenue Guy de Collongue<br>F-69134 Ecully Cedex<\/em><\/p>\n<\/div>\n\n\n\n<div class=\"wp-block-column is-layout-flow wp-block-column-is-layout-flow\" style=\"border-right-style:none;border-right-width:0px;border-left-style:none;border-left-width:0px\">\n<h5 class=\"wp-block-heading\">Adresse postale du site INSA<\/h5>\n\n\n\n<p><em>Institut Camille Jordan<br>INSA de Lyon<br>20 avenue Albert Einstein<br>F-69621 Villeurbanne Cedex<\/em><\/p>\n<\/div>\n\n\n\n<div class=\"wp-block-column is-layout-flow wp-block-column-is-layout-flow\">\n<h5 class=\"wp-block-heading\">Adresse postale du site UJM<\/h5>\n\n\n\n<p><em>Facult\u00e9 de Sciences et Techniques<br>Site de Manufacture<br>20 rue du Docteur R\u00e9my Annino<br>F-42000 Saint-\u00c9tienne<\/em><\/p>\n<\/div>\n<\/div>\n<\/div>\n\n\n\n<h3 class=\"wp-block-heading alignfull has-text-align-center has-background\" id=\"acces-sites\" style=\"background-color:#d7f2fb\"><strong>Acc\u00e8s au site de la Doua<\/strong><\/h3>\n\n\n\n<p>\/!\\  Le campus de la Doua a plusieurs entr\u00e9es  \/!\\ <\/p>\n\n\n\n<p>L\u2019entr\u00e9e principale de l\u2019Universit\u00e9 Claude Bernard Lyon 1 est au :<\/p>\n\n\n\n<p>43 boulevard du 11 novembre 1918<br>69622 Villeurbanne cedex<\/p>\n\n\n\n<p>Les activit\u00e9s de l\u2019ICJ ont lieu&nbsp;:<\/p>\n\n\n\n<ul class=\"wp-block-list\">\n<li>au b\u00e2timent Braconnier \u00e0 l\u2019UCBL (qui h\u00e9berge la majorit\u00e9 des membres),<\/li>\n\n\n\n<li>au <a href=\"https:\/\/goo.gl\/maps\/nWsdcgjnAgJ2\">b\u00e2timent CEI-2<\/a> \u00e0 l\u2019INSA &#8211; antenne Inria,<\/li>\n\n\n\n<li>au b\u00e2timent L\u00e9onard de Vinci \u00e0 l\u2019INSA,<\/li>\n\n\n\n<li>\u00e0 Polytech.<\/li>\n<\/ul>\n\n\n\n<p><strong>Transports en commun<\/strong><br>L\u2019acc\u00e8s au campus de la Doua est direct en tramway (lignes <a href=\"http:\/\/www.tcl.fr\/en\/Getting-Around\/Getting-around\/T1\">T1<\/a> et <a href=\"http:\/\/www.tcl.fr\/en\/Getting-Around\/Getting-around\/T4\">T4<\/a>) depuis la gare de la Part-Dieu, direction IUT Feyssine (T1) ou La Doua &#8211; Gaston Berger (T4).<\/p>\n\n\n\n<p><em>Arr\u00eats dans l\u2019ordre<\/em><\/p>\n\n\n\n<ul class=\"wp-block-list\">\n<li>Pour Polytech&nbsp;: arr\u00eat <em>Condorcet<\/em> des T1 et T4.<\/li>\n\n\n\n<li>Pour le b\u00e2timent Braconnier&nbsp;: arr\u00eat <em>Universit\u00e9 Lyon 1<\/em> des T1 et T4.<\/li>\n\n\n\n<li>Pour l\u2019INSA&nbsp;: arr\u00eat <em>La Doua &#8211; Gaston Berger<\/em> des T1 et T4, ou arr\u00eat <em>INSA &#8211; Albert Einstein<\/em> du T1.<\/li>\n\n\n\n<li>Pour le b\u00e2timent CEI-2 (Inria)&nbsp;: arr\u00eat <em>IUT Feyssine<\/em> du T1.<\/li>\n<\/ul>\n\n\n\n<p><strong>NB<\/strong> Le T1 se prend c\u00f4t\u00e9 <em>Centre Commercial<\/em> \u00e0 la Part-Dieu (sortie <em>Rh\u00f4ne<\/em> de la gare) tandis que le T4 se prend \u00e0 c\u00f4t\u00e9 de l\u2019arr\u00eat du <a href=\"https:\/\/www.rhonexpress.fr\/\">Rh\u00f4ne Express<\/a> (sortie <em>Alpes<\/em> de la gare).<\/p>\n\n\n\n<p>Plus de d\u00e9tails sur le site des Transports en Commun Lyonnais (<a href=\"http:\/\/www.tcl.fr\/\">TCL<\/a>).<\/p>\n\n\n\n<div class=\"wp-block-group is-content-justification-center is-nowrap is-layout-flex wp-container-core-group-is-layout-23441af8 wp-block-group-is-layout-flex\">\n<div class=\"wp-block-columns are-vertically-aligned-center is-layout-flex wp-container-core-columns-is-layout-28f84493 wp-block-columns-is-layout-flex\">\n<div class=\"wp-block-column is-vertically-aligned-center is-layout-flow wp-block-column-is-layout-flow\" style=\"flex-basis:50%\">\n<p><strong>B\u00e2timent Braconnier vu depuis l\u2019arr\u00eat de tram&nbsp;:<\/strong><\/p>\n\n\n\n<figure class=\"wp-block-image\"><img decoding=\"async\" src=\"http:\/\/math.univ-lyon1.fr\/local\/cache-vignettes\/L364xH273\/braconnier_364x273-56a77.jpg\" alt=\"\"\/><\/figure>\n<\/div>\n\n\n\n<div class=\"wp-block-column is-vertically-aligned-center is-layout-flow wp-block-column-is-layout-flow\" style=\"flex-basis:50%\">\n<p><strong>Plans&nbsp;:<\/strong><\/p>\n\n\n\n<figure class=\"wp-block-image\"><img decoding=\"async\" src=\"http:\/\/math.univ-lyon1.fr\/local\/cache-vignettes\/L400xH273\/campus_icj-9d578.png\" alt=\"\"\/><\/figure>\n<\/div>\n<\/div>\n<\/div>\n\n\n\n<p><a href=\"http:\/\/oscar.univ-lyon1.fr\/appli-externe\/plan\/plans\/fiches_ucbl\/braconnier.html\"><\/a><\/p>\n\n\n\n<p><a href=\"http:\/\/math.univ-lyon1.fr\/IMG\/gif\/campus_icj.gif\"><\/a><\/p>\n\n\n\n<ul class=\"wp-block-list\">\n<li><a href=\"http:\/\/oscar.univ-lyon1.fr\/appli-externe\/plan\/plans\/plan_campus_general.html\" target=\"_blank\" rel=\"noreferrer noopener\">Campus de la Doua<\/a>, <a href=\"http:\/\/oscar.univ-lyon1.fr\/appli-externe\/plan\/plans\/\/plan_campus_ouest.html\" target=\"_blank\" rel=\"noreferrer noopener\">partie ouest du campus<\/a><\/li>\n\n\n\n<li>La Doua dans l\u2019<a href=\"http:\/\/oscar.univ-lyon1.fr\/appli-externe\/plan\/plans\/plan_complet_lyon.html\" target=\"_blank\" rel=\"noreferrer noopener\">agglom\u00e9ration de Lyon<\/a><\/li>\n<\/ul>\n\n\n\n<p><strong>En voiture<\/strong> :<br>Sur le site ViaMichelin par exemple, entrer la destination \u00ab&nbsp;21 avenue Claude Bernard, Villeurbanne&nbsp;\u00bb. Attention, certains parkings sont accessibles uniquement par badge.<\/p>\n\n\n\n<h3 class=\"wp-block-heading alignfull has-text-align-center has-background\" style=\"background-color:#d7f2fb\"><strong>Acc\u00e8s au site de Manufacture<\/strong><\/h3>\n\n\n\n<p>\u00c0 l\u2019Universit\u00e9 Jean Monnet Saint-\u00c9tienne, l\u2019Institut Camille Jordan se trouve sur le campus de Manufacture\u00a0:<\/p>\n\n\n\n<p>Facult\u00e9 de Sciences et Techniques<br>20 rue du Docteur R\u00e9my Annino<br>42000 Saint-\u00c9tienne<\/p>\n\n\n\n<p>Pour plus de d\u00e9tails concernant l\u2019acc\u00e8s, voir le <a href=\"https:\/\/www.univ-st-etienne.fr\/fr\/icj.html\">site de l\u2019UJM<\/a>.<\/p>\n\n\n\n<p><strong>Transports en commun<\/strong><br>L\u2019acc\u00e8s au campus de Manufacture est accessible en <a href=\"https:\/\/fr.wikipedia.org\/wiki\/Tramway_de_Saint-%C3%89tienne\" target=\"_blank\" rel=\"noreferrer noopener\">tramway<\/a> (ligne T1 et T2) &#8211; arr\u00eat \u00ab\u00a0Cit\u00e9 du Design\u00a0\u00bb.<\/p>\n\n\n\n<h3 class=\"wp-block-heading alignfull has-text-align-center has-background\" style=\"background-color:#d7f2fb\"><strong>Acc\u00e8s au campus de l\u2019\u00c9cole Centrale de Lyon<\/strong><\/h3>\n\n\n\n<p><a href=\"http:\/\/www.ec-lyon.fr\/recherche\/laboratoires\/icj\">\u00c9cole Centrale de Lyon<\/a><br>36 avenue Guy de Collongue<br>69134 Ecully Cedex<\/p>\n\n\n\n<p>Pour plus de d\u00e9tails concernant l\u2019acc\u00e8s \u00e0 ce campus, voir le <a href=\"http:\/\/www.ec-lyon.fr\/campus\/vie-campus\/acceder-au-campus\">site de l\u2019ECL<\/a>.<\/p>\n","protected":false},"excerpt":{"rendered":"<p>L\u2019Institut Camille Jordan est un laboratoire multi-sites&nbsp;: la Doua \u00e0 Villeurbanne (b\u00e2timents Braconnier, CEI-2, L\u00e9onard de Vinci et Polytech), la M\u00e9tare \u00e0 Saint-\u00c9tienne, et campus de l\u2019\u00c9cole Centrale de Lyon \u00e0 \u00c9cully. Contact Adresse postale principale Institut Camille JordanUniversit\u00e9 Claude Bernard Lyon 143 boulevard du 11 novembre 1918F-69622 Villeurbanne Cedex T\u00e9l\u00e9phone secr\u00e9tariat&nbsp;: +33 (0)472432941T\u00e9l\u00e9copie&nbsp;: +33 [&hellip;]<\/p>\n","protected":false},"author":4,"featured_media":0,"parent":0,"menu_order":0,"comment_status":"closed","ping_status":"closed","template":"","meta":{"footnotes":""},"class_list":["post-928","page","type-page","status-publish","hentry"],"_links":{"self":[{"href":"https:\/\/math.univ-lyon1.fr\/icj\/wp-json\/wp\/v2\/pages\/928","targetHints":{"allow":["GET"]}}],"collection":[{"href":"https:\/\/math.univ-lyon1.fr\/icj\/wp-json\/wp\/v2\/pages"}],"about":[{"href":"https:\/\/math.univ-lyon1.fr\/icj\/wp-json\/wp\/v2\/types\/page"}],"author":[{"embeddable":true,"href":"https:\/\/math.univ-lyon1.fr\/icj\/wp-json\/wp\/v2\/users\/4"}],"replies":[{"embeddable":true,"href":"https:\/\/math.univ-lyon1.fr\/icj\/wp-json\/wp\/v2\/comments?post=928"}],"version-history":[{"count":51,"href":"https:\/\/math.univ-lyon1.fr\/icj\/wp-json\/wp\/v2\/pages\/928\/revisions"}],"predecessor-version":[{"id":2265,"href":"https:\/\/math.univ-lyon1.fr\/icj\/wp-json\/wp\/v2\/pages\/928\/revisions\/2265"}],"wp:attachment":[{"href":"https:\/\/math.univ-lyon1.fr\/icj\/wp-json\/wp\/v2\/media?parent=928"}],"curies":[{"name":"wp","href":"https:\/\/api.w.org\/{rel}","templated":true}]}}