{"id":161,"date":"2024-06-07T21:17:56","date_gmt":"2024-06-07T19:17:56","guid":{"rendered":"https:\/\/math.univ-lyon1.fr\/perso\/?page_id=161"},"modified":"2025-07-28T18:55:21","modified_gmt":"2025-07-28T16:55:21","slug":"contact","status":"publish","type":"page","link":"https:\/\/math.univ-lyon1.fr\/perso\/sylvie-benzoni-gavage\/contact\/","title":{"rendered":"Contact"},"content":{"rendered":"\n<h2 class=\"wp-block-heading\">Coordonn\u00e9es <a href=\"https:\/\/math.univ-lyon1.fr\/perso\/sylvie-benzoni-gavage\/\" data-type=\"page\" data-id=\"9\">Sylvie Benzoni-Gavage<\/a><\/h2>\n\n\n\n<ul class=\"wp-block-list\">\n<li>Apr\u00e8s sept ann\u00e9es bien remplies \u00e0 l\u2019Institut Henri Poincar\u00e9, mon lieu de travail habituel est redevenu :<br><a href=\"http:\/\/www.ihp.fr\">Institut Camille Jordan<\/a><br>21 avenue Claude Bernard<br>F- 69622 Villeurbanne Cedex<br>France<\/li>\n\n\n\n<li>Courriel : <br><a href=\"mailto:benzoni@math.univ-lyon1.fr\">benzoni<strong>[at]<\/strong>math.univ-lyon1.fr<\/a><\/li>\n\n\n\n<li>Mon adresse @ihp.fr n&rsquo;existe plus.<\/li>\n<\/ul>\n","protected":false},"excerpt":{"rendered":"<p>Coordonn\u00e9es Sylvie Benzoni-Gavage<\/p>\n","protected":false},"author":3,"featured_media":0,"parent":9,"menu_order":0,"comment_status":"closed","ping_status":"closed","template":"","meta":{"footnotes":""},"class_list":["post-161","page","type-page","status-publish","hentry"],"_links":{"self":[{"href":"https:\/\/math.univ-lyon1.fr\/perso\/wp-json\/wp\/v2\/pages\/161","targetHints":{"allow":["GET"]}}],"collection":[{"href":"https:\/\/math.univ-lyon1.fr\/perso\/wp-json\/wp\/v2\/pages"}],"about":[{"href":"https:\/\/math.univ-lyon1.fr\/perso\/wp-json\/wp\/v2\/types\/page"}],"author":[{"embeddable":true,"href":"https:\/\/math.univ-lyon1.fr\/perso\/wp-json\/wp\/v2\/users\/3"}],"replies":[{"embeddable":true,"href":"https:\/\/math.univ-lyon1.fr\/perso\/wp-json\/wp\/v2\/comments?post=161"}],"version-history":[{"count":14,"href":"https:\/\/math.univ-lyon1.fr\/perso\/wp-json\/wp\/v2\/pages\/161\/revisions"}],"predecessor-version":[{"id":801,"href":"https:\/\/math.univ-lyon1.fr\/perso\/wp-json\/wp\/v2\/pages\/161\/revisions\/801"}],"up":[{"embeddable":true,"href":"https:\/\/math.univ-lyon1.fr\/perso\/wp-json\/wp\/v2\/pages\/9"}],"wp:attachment":[{"href":"https:\/\/math.univ-lyon1.fr\/perso\/wp-json\/wp\/v2\/media?parent=161"}],"curies":[{"name":"wp","href":"https:\/\/api.w.org\/{rel}","templated":true}]}}