{"id":179,"date":"2024-06-07T21:57:49","date_gmt":"2024-06-07T19:57:49","guid":{"rendered":"https:\/\/math.univ-lyon1.fr\/perso\/?page_id=179"},"modified":"2024-09-13T11:39:30","modified_gmt":"2024-09-13T09:39:30","slug":"proceedings","status":"publish","type":"page","link":"https:\/\/math.univ-lyon1.fr\/perso\/sylvie-benzoni-gavage\/publications\/proceedings\/","title":{"rendered":"Proceedings"},"content":{"rendered":"\n<h3 class=\"wp-block-heading\">Actes de congr\u00e8s \/ Proceedings<\/h3>\n\n\n\n<div class=\"wp-block-buttons is-layout-flex wp-block-buttons-is-layout-flex\">\n<div class=\"wp-block-button\"><a class=\"wp-block-button__link wp-element-button\" href=\"https:\/\/math.univ-lyon1.fr\/perso\/sylvie-benzoni-gavage\/\">Sylvie Benzoni-Gavage<\/a><\/div>\n<\/div>\n\n\n\n<p><em>Amplitude equations for weakly nonlinear surface waves in variational problems<\/em> (<a href=\"http:\/\/hal.archives-ouvertes.fr\/hal-01208479\">hal-01208479<\/a>),<br>coauteur \/ co-author : <a href=\"http:\/\/www.math.sciences.univ-nantes.fr\/~coulombel\/\">Jean-Fran\u00e7ois Coulombel<\/a>.<br>In Colombini, F. and Del Santo, D. and Lannes, D. Shocks, Singularities and Oscillations in Nonlinear Optics and Fluid Mechanics,<br>Rome, Italy. <a href=\"https:\/\/link.springer.com\/chapter\/10.1007%2F978-3-319-52042-1_1\">Springer INdAM Series<\/a> (2015).<\/p>\n\n\n\n<p><em><a href=\"http:\/\/jedp.cedram.org\/jedp-bin\/fitem?id=JEDP_2013____A2_0\">Stability of periodic waves in Hamiltonian PDEs<\/a><\/em>,<br>coauteurs \/ co-authors : <a href=\"http:\/\/www.math.univ-toulouse.fr\/~pnoble\/\">Pascal Noble<\/a>, <a href=\"http:\/\/math.univ-lyon1.fr\/~rodrigues\/\">L. Miguel Rodrigues<\/a>.<br><a href=\"http:\/\/gdredp.math.cnrs.fr\/spip\/spip.php?rubrique20\">GDR Analyse des EDP<\/a> (2013).<\/p>\n\n\n\n<p><em>Ondes de surface faiblement non-lin\u00e9aires<\/em>,<br>coauteurs \/ co-authors : <a href=\"http:\/\/www.math.sciences.univ-nantes.fr\/~coulombel\/\">Jean-Fran\u00e7ois Coulombel<\/a>, <a href=\"http:\/\/tzvetkov.u-cergy.fr\/\">Nikolay Tzvetkov<\/a>.<br><a href=\"http:\/\/slsedp.cedram.org\/slsedp-bin\/fitem?id=SLSEDP_2011-2012____A38_0\">S\u00e9minaire Laurent Schwartz \u2014 EDP et applications (2011-2012), Exp. No. 38, 13 p.<\/a><\/p>\n\n\n\n<p><em>Multi-d shock waves and surface waves<\/em>,<br>coauteur \/ co-author : <a href=\"http:\/\/math.univ-lille1.fr\/~jfcoulom\/\">Jean-Fran\u00e7ois Coulombel<\/a>.<br>Proceedings of Symposia in Applied Mathematics, A.M.S. <strong>67<\/strong>, 3-23 (2009).<br>Hyperbolic problems: Theory, Numerics and Applications, University of Maryland (2008).<\/p>\n\n\n\n<p><em><a href=\"http:\/\/math.univ-lyon1.fr\/homes-www\/benzoni\/bbdj-Snowbird.pdf\">Stability issues in the Euler-Korteweg model<\/a>,<\/em><br>coauteurs \/ co-authors : <a href=\"http:\/\/www.univ-paris12.fr\/www\/labos\/cmup\/homepages\/danchin\/danchin.html\">Rapha\u00ebl Danchin<\/a>, <a href=\"http:\/\/www.umpa.ens-lyon.fr\/~sdescomb\">St\u00e9phane Descombes<\/a> &amp; Didier Jamet.<br><a href=\"http:\/\/www.ams.org\/conm\/\">Contemporary Mathematics<\/a>, A.M.S. <strong>426<\/strong>, 103-127 (2007).<br>Proceedings of the <a href=\"http:\/\/www.ams.org\/meetings\/src-ancona.html\">Summer Research Conference on Control Methods in PDE-Dynamical Systems<\/a>, Snowbird (2005).<\/p>\n\n\n\n<p><em>On Korteweg models for fluids exhibiting phase changes,<\/em><br>coauteurs \/ co-authors : <a href=\"http:\/\/www.univ-paris12.fr\/www\/labos\/cmup\/homepages\/danchin\/danchin.html\">Rapha\u00ebl Danchin<\/a>, <a href=\"http:\/\/www.umpa.ens-lyon.fr\/~sdescomb\">St\u00e9phane Descombes<\/a> &amp; Didier Jamet.<br>02\/2005.<br>Proceedings of 10th International Conference on Hyperbolic Problems, Osaka, Yokohama Publishers (2004).<\/p>\n\n\n\n<p><em><a href=\"http:\/\/math.univ-lyon1.fr\/homes-www\/benzoni\/magd.ps\">On the stability of large amplitude semi-discrete shock profiles by means of an Evans function in infinite dimensions<\/a>,<\/em><br>VIII\u00e8me congr\u00e8s international sur les probl\u00e8mes hyperboliques, Magdeburg (2000). International Series of Numerical Mathematics <strong>140<\/strong>, 149&#8211;158 (2001).<\/p>\n\n\n\n<p><em><a href=\"http:\/\/math.univ-lyon1.fr\/homes-www\/benzoni\/procz.ps\">Multi-dimensional stability of propagating phase boundaries<\/a>,<\/em><br>VII\u00e8me congr\u00e8s international sur les probl\u00e8mes hyperboliques, Z\u00fcrich (1998). International Series of Numerical Mathematics <strong>129<\/strong>, 41-45 (1999).<\/p>\n\n\n\n<p><em>Compensated compactness for a class of hyperbolic systems of p conservation laws with p&gt;=3,<\/em><br>coauteur \/ co-author : D. Serre, Journ\u00e9es de Metz, Metz (1992). Pitman Research Notes in Mathematics Series <strong>296<\/strong>, 3-11 (1993).<\/p>\n\n\n\n<p><em>Existence of solutions for a class of hyperbolic systems of three conservation laws,<\/em><br>coauteur \/ co-author : D. Serre, IV\u00e8me congr\u00e8s international sur les probl\u00e8mes hyperboliques, Taormina (1992). Notes on Numerical Fluid Mechanics <strong>43<\/strong>, 56-61 (1993).<\/p>\n","protected":false},"excerpt":{"rendered":"<p>Actes de congr\u00e8s \/ Proceedings Amplitude equations for weakly nonlinear surface waves in variational problems (hal-01208479),coauteur \/ co-author : Jean-Fran\u00e7ois Coulombel.In Colombini, F. and Del Santo, D. and Lannes, D. Shocks, Singularities and Oscillations in Nonlinear Optics and Fluid Mechanics,Rome, Italy. Springer INdAM Series (2015). Stability of periodic waves in Hamiltonian PDEs,coauteurs \/ co-authors : [&hellip;]<\/p>\n","protected":false},"author":3,"featured_media":0,"parent":168,"menu_order":0,"comment_status":"closed","ping_status":"closed","template":"","meta":{"footnotes":""},"class_list":["post-179","page","type-page","status-publish","hentry"],"_links":{"self":[{"href":"https:\/\/math.univ-lyon1.fr\/perso\/wp-json\/wp\/v2\/pages\/179","targetHints":{"allow":["GET"]}}],"collection":[{"href":"https:\/\/math.univ-lyon1.fr\/perso\/wp-json\/wp\/v2\/pages"}],"about":[{"href":"https:\/\/math.univ-lyon1.fr\/perso\/wp-json\/wp\/v2\/types\/page"}],"author":[{"embeddable":true,"href":"https:\/\/math.univ-lyon1.fr\/perso\/wp-json\/wp\/v2\/users\/3"}],"replies":[{"embeddable":true,"href":"https:\/\/math.univ-lyon1.fr\/perso\/wp-json\/wp\/v2\/comments?post=179"}],"version-history":[{"count":3,"href":"https:\/\/math.univ-lyon1.fr\/perso\/wp-json\/wp\/v2\/pages\/179\/revisions"}],"predecessor-version":[{"id":467,"href":"https:\/\/math.univ-lyon1.fr\/perso\/wp-json\/wp\/v2\/pages\/179\/revisions\/467"}],"up":[{"embeddable":true,"href":"https:\/\/math.univ-lyon1.fr\/perso\/wp-json\/wp\/v2\/pages\/168"}],"wp:attachment":[{"href":"https:\/\/math.univ-lyon1.fr\/perso\/wp-json\/wp\/v2\/media?parent=179"}],"curies":[{"name":"wp","href":"https:\/\/api.w.org\/{rel}","templated":true}]}}