{"id":321,"date":"2024-06-08T15:36:29","date_gmt":"2024-06-08T13:36:29","guid":{"rendered":"https:\/\/math.univ-lyon1.fr\/perso\/?page_id=321"},"modified":"2024-09-13T11:32:09","modified_gmt":"2024-09-13T09:32:09","slug":"modulations","status":"publish","type":"page","link":"https:\/\/math.univ-lyon1.fr\/perso\/sylvie-benzoni-gavage\/modulations\/","title":{"rendered":"Modulations"},"content":{"rendered":"\n<h2 class=\"wp-block-heading\">Modulations d\u2019ondes<\/h2>\n\n\n\n<div class=\"wp-block-buttons is-layout-flex wp-block-buttons-is-layout-flex\">\n<div class=\"wp-block-button\"><a class=\"wp-block-button__link wp-element-button\" href=\"https:\/\/math.univ-lyon1.fr\/perso\/sylvie-benzoni-gavage\/\">Sylvie Benzoni-Gavage<\/a><\/div>\n<\/div>\n\n\n\n<p>Lorsque nous \u00e9coutions la radio sur un poste \u00ab\u00a0classique\u00a0\u00bb, nous avions le choix entre la <a href=\"https:\/\/fr.wikipedia.org\/wiki\/Radio_AM\">radio AM<\/a> et la <a href=\"https:\/\/fr.wikipedia.org\/wiki\/Radio_FM\">radio FM<\/a>. Ces sigles signifient respectivement \u00ab\u00a0amplitude modulation\u00a0\u00bb et \u00ab\u00a0frequency modulation\u00a0\u00bb pour les ondes radio. Visuellement ces deux types de modulation ressemblent aux sch\u00e9mas ci-dessous.<\/p>\n\n\n\n<div class=\"wp-block-group is-nowrap is-layout-flex wp-container-core-group-is-layout-6c531013 wp-block-group-is-layout-flex\">\n<figure class=\"wp-block-image size-large\"><img loading=\"lazy\" decoding=\"async\" width=\"1024\" height=\"599\" src=\"https:\/\/math.univ-lyon1.fr\/perso\/wp-content\/uploads\/2024\/06\/AMb-1024x599.jpg\" alt=\"\" class=\"wp-image-323\" srcset=\"https:\/\/math.univ-lyon1.fr\/perso\/wp-content\/uploads\/2024\/06\/AMb-1024x599.jpg 1024w, https:\/\/math.univ-lyon1.fr\/perso\/wp-content\/uploads\/2024\/06\/AMb-300x176.jpg 300w, https:\/\/math.univ-lyon1.fr\/perso\/wp-content\/uploads\/2024\/06\/AMb-768x449.jpg 768w, https:\/\/math.univ-lyon1.fr\/perso\/wp-content\/uploads\/2024\/06\/AMb-1536x899.jpg 1536w, https:\/\/math.univ-lyon1.fr\/perso\/wp-content\/uploads\/2024\/06\/AMb-2048x1198.jpg 2048w\" sizes=\"auto, (max-width: 1024px) 100vw, 1024px\" \/><figcaption class=\"wp-element-caption\">Modulation d\u2019amplitude<\/figcaption><\/figure>\n\n\n\n<figure class=\"wp-block-image size-large\"><img loading=\"lazy\" decoding=\"async\" width=\"1024\" height=\"609\" src=\"https:\/\/math.univ-lyon1.fr\/perso\/wp-content\/uploads\/2024\/06\/FM-1024x609.jpg\" alt=\"\" class=\"wp-image-326\" srcset=\"https:\/\/math.univ-lyon1.fr\/perso\/wp-content\/uploads\/2024\/06\/FM-1024x609.jpg 1024w, https:\/\/math.univ-lyon1.fr\/perso\/wp-content\/uploads\/2024\/06\/FM-300x178.jpg 300w, https:\/\/math.univ-lyon1.fr\/perso\/wp-content\/uploads\/2024\/06\/FM-768x457.jpg 768w, https:\/\/math.univ-lyon1.fr\/perso\/wp-content\/uploads\/2024\/06\/FM-1536x914.jpg 1536w, https:\/\/math.univ-lyon1.fr\/perso\/wp-content\/uploads\/2024\/06\/FM-2048x1218.jpg 2048w\" sizes=\"auto, (max-width: 1024px) 100vw, 1024px\" \/><figcaption class=\"wp-element-caption\">Modulation de fr\u00e9quence<\/figcaption><\/figure>\n<\/div>\n\n\n\n<p>Vous trouverez un article de vulgarisation (un peu touffu quand m\u00eame) en anglais concernant les modulations d\u2019ondes en g\u00e9n\u00e9ral (pas n\u00e9cessairement des ondes radio) ici&nbsp;:<\/p>\n\n\n\n<p><a href=\"https:\/\/hal.archives-ouvertes.fr\/hal-02881881\/\"><em>Waves and their modulations<\/em><\/a><\/p>\n\n\n\n<p><strong>NB<\/strong> Tout plein d\u2019ondes sont pr\u00e9sent\u00e9es en m\u00eame temps que leur spectre dans la<\/p>\n\n\n\n<p><\/p>\n\n\n\n<figure class=\"wp-block-image size-full\"><img loading=\"lazy\" decoding=\"async\" width=\"399\" height=\"95\" src=\"https:\/\/math.univ-lyon1.fr\/perso\/wp-content\/uploads\/2024\/06\/logo-Maison-Poincare.png\" alt=\"\" class=\"wp-image-296\" srcset=\"https:\/\/math.univ-lyon1.fr\/perso\/wp-content\/uploads\/2024\/06\/logo-Maison-Poincare.png 399w, https:\/\/math.univ-lyon1.fr\/perso\/wp-content\/uploads\/2024\/06\/logo-Maison-Poincare-300x71.png 300w\" sizes=\"auto, (max-width: 399px) 100vw, 399px\" \/><\/figure>\n\n\n\n<p>mus\u00e9e des math\u00e9matiques concoct\u00e9 par l\u2019<a href=\"https:\/\/www.ihp.fr\/fr\">Institut Henri Poincar\u00e9<\/a>, dans la partie intitul\u00e9e \u00ab&nbsp;Spectres et ondes&nbsp;\u00bb de l\u2019espace <a href=\"https:\/\/www.ihp.fr\/fr\/espace-presse#gallery-paragraph-id-2986-4\">MOD\u00c9LISER<\/a>.<\/p>\n","protected":false},"excerpt":{"rendered":"<p>Modulations d\u2019ondes Lorsque nous \u00e9coutions la radio sur un poste \u00ab\u00a0classique\u00a0\u00bb, nous avions le choix entre la radio AM et la radio FM. Ces sigles signifient respectivement \u00ab\u00a0amplitude modulation\u00a0\u00bb et \u00ab\u00a0frequency modulation\u00a0\u00bb pour les ondes radio. Visuellement ces deux types de modulation ressemblent aux sch\u00e9mas ci-dessous. Vous trouverez un article de vulgarisation (un peu touffu [&hellip;]<\/p>\n","protected":false},"author":3,"featured_media":0,"parent":9,"menu_order":0,"comment_status":"closed","ping_status":"closed","template":"","meta":{"footnotes":""},"class_list":["post-321","page","type-page","status-publish","hentry"],"_links":{"self":[{"href":"https:\/\/math.univ-lyon1.fr\/perso\/wp-json\/wp\/v2\/pages\/321","targetHints":{"allow":["GET"]}}],"collection":[{"href":"https:\/\/math.univ-lyon1.fr\/perso\/wp-json\/wp\/v2\/pages"}],"about":[{"href":"https:\/\/math.univ-lyon1.fr\/perso\/wp-json\/wp\/v2\/types\/page"}],"author":[{"embeddable":true,"href":"https:\/\/math.univ-lyon1.fr\/perso\/wp-json\/wp\/v2\/users\/3"}],"replies":[{"embeddable":true,"href":"https:\/\/math.univ-lyon1.fr\/perso\/wp-json\/wp\/v2\/comments?post=321"}],"version-history":[{"count":8,"href":"https:\/\/math.univ-lyon1.fr\/perso\/wp-json\/wp\/v2\/pages\/321\/revisions"}],"predecessor-version":[{"id":459,"href":"https:\/\/math.univ-lyon1.fr\/perso\/wp-json\/wp\/v2\/pages\/321\/revisions\/459"}],"up":[{"embeddable":true,"href":"https:\/\/math.univ-lyon1.fr\/perso\/wp-json\/wp\/v2\/pages\/9"}],"wp:attachment":[{"href":"https:\/\/math.univ-lyon1.fr\/perso\/wp-json\/wp\/v2\/media?parent=321"}],"curies":[{"name":"wp","href":"https:\/\/api.w.org\/{rel}","templated":true}]}}

<h2 class="wp-block-heading">Modulations d’ondes</h2>



<div class="wp-block-buttons is-layout-flex wp-block-buttons-is-layout-flex">
<div class="wp-block-button"><a class="wp-block-button__link wp-element-button" href="https://math.univ-lyon1.fr/perso/sylvie-benzoni-gavage/">Sylvie Benzoni-Gavage</a></div>
</div>



<p>Lorsque nous écoutions la radio sur un poste « classique », nous avions le choix entre la <a href="https://fr.wikipedia.org/wiki/Radio_AM">radio AM</a> et la <a href="https://fr.wikipedia.org/wiki/Radio_FM">radio FM</a>. Ces sigles signifient respectivement « amplitude modulation » et « frequency modulation » pour les ondes radio. Visuellement ces deux types de modulation ressemblent aux schémas ci-dessous.</p>



<div class="wp-block-group is-nowrap is-layout-flex wp-container-core-group-is-layout-6c531013 wp-block-group-is-layout-flex">
<figure class="wp-block-image size-large"><img loading="lazy" decoding="async" width="1024" height="599" src="https://math.univ-lyon1.fr/perso/wp-content/uploads/2024/06/AMb-1024x599.jpg" alt="" class="wp-image-323" srcset="https://math.univ-lyon1.fr/perso/wp-content/uploads/2024/06/AMb-1024x599.jpg 1024w, https://math.univ-lyon1.fr/perso/wp-content/uploads/2024/06/AMb-300x176.jpg 300w, https://math.univ-lyon1.fr/perso/wp-content/uploads/2024/06/AMb-768x449.jpg 768w, https://math.univ-lyon1.fr/perso/wp-content/uploads/2024/06/AMb-1536x899.jpg 1536w, https://math.univ-lyon1.fr/perso/wp-content/uploads/2024/06/AMb-2048x1198.jpg 2048w" sizes="auto, (max-width: 1024px) 100vw, 1024px" /><figcaption class="wp-element-caption">Modulation d’amplitude</figcaption></figure>



<figure class="wp-block-image size-large"><img loading="lazy" decoding="async" width="1024" height="609" src="https://math.univ-lyon1.fr/perso/wp-content/uploads/2024/06/FM-1024x609.jpg" alt="" class="wp-image-326" srcset="https://math.univ-lyon1.fr/perso/wp-content/uploads/2024/06/FM-1024x609.jpg 1024w, https://math.univ-lyon1.fr/perso/wp-content/uploads/2024/06/FM-300x178.jpg 300w, https://math.univ-lyon1.fr/perso/wp-content/uploads/2024/06/FM-768x457.jpg 768w, https://math.univ-lyon1.fr/perso/wp-content/uploads/2024/06/FM-1536x914.jpg 1536w, https://math.univ-lyon1.fr/perso/wp-content/uploads/2024/06/FM-2048x1218.jpg 2048w" sizes="auto, (max-width: 1024px) 100vw, 1024px" /><figcaption class="wp-element-caption">Modulation de fréquence</figcaption></figure>
</div>



<p>Vous trouverez un article de vulgarisation (un peu touffu quand même) en anglais concernant les modulations d’ondes en général (pas nécessairement des ondes radio) ici&nbsp;:</p>



<p><a href="https://hal.archives-ouvertes.fr/hal-02881881/"><em>Waves and their modulations</em></a></p>



<p><strong>NB</strong> Tout plein d’ondes sont présentées en même temps que leur spectre dans la</p>



<p></p>



<figure class="wp-block-image size-full"><img loading="lazy" decoding="async" width="399" height="95" src="https://math.univ-lyon1.fr/perso/wp-content/uploads/2024/06/logo-Maison-Poincare.png" alt="" class="wp-image-296" srcset="https://math.univ-lyon1.fr/perso/wp-content/uploads/2024/06/logo-Maison-Poincare.png 399w, https://math.univ-lyon1.fr/perso/wp-content/uploads/2024/06/logo-Maison-Poincare-300x71.png 300w" sizes="auto, (max-width: 399px) 100vw, 399px" /></figure>



<p>musée des mathématiques concocté par l’<a href="https://www.ihp.fr/fr">Institut Henri Poincaré</a>, dans la partie intitulée «&nbsp;Spectres et ondes&nbsp;» de l’espace <a href="https://www.ihp.fr/fr/espace-presse#gallery-paragraph-id-2986-4">MODÉLISER</a>.</p>

<p>Modulations d’ondes Lorsque nous écoutions la radio sur un poste « classique », nous avions le choix entre la radio AM et la radio FM. Ces sigles signifient respectivement « amplitude modulation » et « frequency modulation » pour les ondes radio. Visuellement ces deux types de modulation ressemblent aux schémas ci-dessous. Vous trouverez un article de vulgarisation (un peu touffu [&hellip;]</p>
