{"id":486,"date":"2024-10-03T11:17:15","date_gmt":"2024-10-03T09:17:15","guid":{"rendered":"https:\/\/math.univ-lyon1.fr\/perso\/?page_id=486"},"modified":"2025-08-20T11:30:10","modified_gmt":"2025-08-20T09:30:10","slug":"louis-dupaigne","status":"publish","type":"page","link":"https:\/\/math.univ-lyon1.fr\/perso\/louis-dupaigne\/","title":{"rendered":"Louis Dupaigne"},"content":{"rendered":"\n<h6 class=\"wp-block-heading has-xx-large-font-size\">Louis Dupaigne<\/h6>\n\n\n\n<p>\u00ab\u00a0Refuser de parvenir, <a href=\"https:\/\/math.univ-lyon1.fr\/%7Egentil\/gazette-manifeste.pdf\">cesser de nuire<\/a>, cultiver la dignit\u00e9 du pr\u00e9sent\u00a0\u00bb, <i>Corinne Morel Darleux<\/i><\/p>\n\n\n\n<p>Bureau 126, B\u00e2t. Braconnier<\/p>\n\n\n\n<h2 class=\"wp-block-heading\"><strong>Ecologie<\/strong><\/h2>\n\n\n\n<p>Je participe au groupe de travail <a href=\"https:\/\/math.univ-lyon1.fr\/wikis\/icj\/doku.php?id=explorations_ecologiques\">Explorations Ecologiques<\/a>. Prochaine s\u00e9ance: \u201cEnseigner au temps de l&rsquo;IA ?\u201d, anim\u00e9e avec Laurent B\u00e9termin.<\/p>\n\n\n\n<h2 class=\"wp-block-heading\"><strong>Recherche<\/strong><\/h2>\n\n\n\n<p>Mes recherches portent principalement sur l&rsquo;<strong>analyse non-lin\u00e9aire<\/strong> et les \u00e9quations aux d\u00e9riv\u00e9es partielles (<strong>EDP<\/strong>) de type elliptique. Certains de mes travaux sont regroup\u00e9s dans mon <a href=\"https:\/\/www.crcpress.com\/Stable-Solutions-of-Elliptic-Partial-Differential-Equations\/Dupaigne\/p\/book\/9781420066548\"><strong>livre<\/strong><\/a>, accessible aux \u00e9tudiants de M2, sp\u00e9cialit\u00e9 EDP. Mes publications sont r\u00e9pertori\u00e9es <strong><a href=\"https:\/\/cv.hal.science\/dupaigne\">ici<\/a><\/strong>.<\/p>\n\n\n\n<p>Je coorganise le groupe de travail in\u00e9galit\u00e9s fonctionnelles optimales avec <a href=\"https:\/\/math.univ-lyon1.fr\/~mironescu\/\" target=\"_blank\" rel=\"noreferrer noopener nofollow\">Petru Mironescu<\/a> et <a href=\"https:\/\/sites.google.com\/view\/page-pierre-damien-thizy\/accueil\" target=\"_blank\" rel=\"noreferrer noopener\">Pierre-Damien Thizy<\/a><\/p>\n\n\n\n<p>Doctorant: <a href=\"https:\/\/it.linkedin.com\/in\/francesco-pagliarin-366139269\">Francesco Pagliarin<\/a><\/p>\n\n\n\n<p>Anciens doctorants: Troy Pettit, <a href=\"http:\/\/perso.ens-lyon.fr\/simon.zugmeyer\/\" target=\"_blank\" rel=\"noreferrer noopener\">Simon Zugmeyer<\/a>, <a href=\"https:\/\/www.unibo.it\/sitoweb\/nicola.abatangelo\/en\" target=\"_blank\" rel=\"noreferrer noopener\">Nicola Abatangelo<\/a>, <a href=\"https:\/\/lma-umr5142.univ-pau.fr\/fr\/organisation\/membres\/cv_-gwarnaul-fr.html\" target=\"_blank\" rel=\"noreferrer noopener\">Guillaume Warnault<\/a><\/p>\n\n\n\n<h2 class=\"wp-block-heading\"><strong>Enseignements (2025-2026)<\/strong><\/h2>\n\n\n\n<ul class=\"wp-block-list\">\n<li><a href=\"https:\/\/moodle.univ-lyon1.fr\/course\/view.php?id=10\">climat et transitions<\/a><\/li>\n\n\n\n<li><a href=\"https:\/\/moodle.univ-lyon1.fr\/course\/view.php?id=8924\">analyse appliqu\u00e9e et EDP<\/a><\/li>\n\n\n\n<li><a href=\"https:\/\/licence-math.univ-lyon1.fr\/doku.php?id=p24:s6_analyse-complexe:page\" target=\"_blank\" rel=\"noreferrer noopener nofollow\">analyse complexe<\/a><\/li>\n<\/ul>\n\n\n\n<h2 class=\"wp-block-heading\"><strong>Diffusion scientifique<\/strong><\/h2>\n\n\n\n<p>Nos activit\u00e9s sont d\u00e9crites sur la page <a href=\"https:\/\/math.univ-lyon1.fr\/icj\/diffusion-scientifique\/\" data-type=\"link\" data-id=\"https:\/\/math.univ-lyon1.fr\/icj\/diffusion-scientifique\/\">diffusion scientifique<\/a> du laboratoire. N&rsquo;h\u00e9sitez pas \u00e0 passer me voir pour en savoir plus.<\/p>\n","protected":false},"excerpt":{"rendered":"<p>Louis Dupaigne \u00ab\u00a0Refuser de parvenir, cesser de nuire, cultiver la dignit\u00e9 du pr\u00e9sent\u00a0\u00bb, Corinne Morel Darleux Bureau 126, B\u00e2t. Braconnier Ecologie Je participe au groupe de travail Explorations Ecologiques. Prochaine s\u00e9ance: \u201cEnseigner au temps de l&rsquo;IA ?\u201d, anim\u00e9e avec Laurent B\u00e9termin. Recherche Mes recherches portent principalement sur l&rsquo;analyse non-lin\u00e9aire et les \u00e9quations aux d\u00e9riv\u00e9es partielles [&hellip;]<\/p>\n","protected":false},"author":7,"featured_media":0,"parent":0,"menu_order":0,"comment_status":"closed","ping_status":"closed","template":"","meta":{"footnotes":""},"class_list":["post-486","page","type-page","status-publish","hentry"],"_links":{"self":[{"href":"https:\/\/math.univ-lyon1.fr\/perso\/wp-json\/wp\/v2\/pages\/486","targetHints":{"allow":["GET"]}}],"collection":[{"href":"https:\/\/math.univ-lyon1.fr\/perso\/wp-json\/wp\/v2\/pages"}],"about":[{"href":"https:\/\/math.univ-lyon1.fr\/perso\/wp-json\/wp\/v2\/types\/page"}],"author":[{"embeddable":true,"href":"https:\/\/math.univ-lyon1.fr\/perso\/wp-json\/wp\/v2\/users\/7"}],"replies":[{"embeddable":true,"href":"https:\/\/math.univ-lyon1.fr\/perso\/wp-json\/wp\/v2\/comments?post=486"}],"version-history":[{"count":22,"href":"https:\/\/math.univ-lyon1.fr\/perso\/wp-json\/wp\/v2\/pages\/486\/revisions"}],"predecessor-version":[{"id":889,"href":"https:\/\/math.univ-lyon1.fr\/perso\/wp-json\/wp\/v2\/pages\/486\/revisions\/889"}],"wp:attachment":[{"href":"https:\/\/math.univ-lyon1.fr\/perso\/wp-json\/wp\/v2\/media?parent=486"}],"curies":[{"name":"wp","href":"https:\/\/api.w.org\/{rel}","templated":true}]}}

<h6 class="wp-block-heading has-xx-large-font-size">Louis Dupaigne</h6>



<p>« Refuser de parvenir, <a href="https://math.univ-lyon1.fr/%7Egentil/gazette-manifeste.pdf">cesser de nuire</a>, cultiver la dignité du présent », <i>Corinne Morel Darleux</i></p>



<p>Bureau 126, Bât. Braconnier</p>



<h2 class="wp-block-heading"><strong>Ecologie</strong></h2>



<p>Je participe au groupe de travail <a href="https://math.univ-lyon1.fr/wikis/icj/doku.php?id=explorations_ecologiques">Explorations Ecologiques</a>. Prochaine séance: “Enseigner au temps de l&rsquo;IA ?”, animée avec Laurent Bétermin.</p>



<h2 class="wp-block-heading"><strong>Recherche</strong></h2>



<p>Mes recherches portent principalement sur l&rsquo;<strong>analyse non-linéaire</strong> et les équations aux dérivées partielles (<strong>EDP</strong>) de type elliptique. Certains de mes travaux sont regroupés dans mon <a href="https://www.crcpress.com/Stable-Solutions-of-Elliptic-Partial-Differential-Equations/Dupaigne/p/book/9781420066548"><strong>livre</strong></a>, accessible aux étudiants de M2, spécialité EDP. Mes publications sont répertoriées <strong><a href="https://cv.hal.science/dupaigne">ici</a></strong>.</p>



<p>Je coorganise le groupe de travail inégalités fonctionnelles optimales avec <a href="https://math.univ-lyon1.fr/~mironescu/" target="_blank" rel="noreferrer noopener nofollow">Petru Mironescu</a> et <a href="https://sites.google.com/view/page-pierre-damien-thizy/accueil" target="_blank" rel="noreferrer noopener">Pierre-Damien Thizy</a></p>



<p>Doctorant: <a href="https://it.linkedin.com/in/francesco-pagliarin-366139269">Francesco Pagliarin</a></p>



<p>Anciens doctorants: Troy Pettit, <a href="http://perso.ens-lyon.fr/simon.zugmeyer/" target="_blank" rel="noreferrer noopener">Simon Zugmeyer</a>, <a href="https://www.unibo.it/sitoweb/nicola.abatangelo/en" target="_blank" rel="noreferrer noopener">Nicola Abatangelo</a>, <a href="https://lma-umr5142.univ-pau.fr/fr/organisation/membres/cv_-gwarnaul-fr.html" target="_blank" rel="noreferrer noopener">Guillaume Warnault</a></p>



<h2 class="wp-block-heading"><strong>Enseignements (2025-2026)</strong></h2>



<ul class="wp-block-list">
<li><a href="https://moodle.univ-lyon1.fr/course/view.php?id=10">climat et transitions</a></li>



<li><a href="https://moodle.univ-lyon1.fr/course/view.php?id=8924">analyse appliquée et EDP</a></li>



<li><a href="https://licence-math.univ-lyon1.fr/doku.php?id=p24:s6_analyse-complexe:page" target="_blank" rel="noreferrer noopener nofollow">analyse complexe</a></li>
</ul>



<h2 class="wp-block-heading"><strong>Diffusion scientifique</strong></h2>



<p>Nos activités sont décrites sur la page <a href="https://math.univ-lyon1.fr/icj/diffusion-scientifique/" data-type="link" data-id="https://math.univ-lyon1.fr/icj/diffusion-scientifique/">diffusion scientifique</a> du laboratoire. N&rsquo;hésitez pas à passer me voir pour en savoir plus.</p>

<p>Louis Dupaigne « Refuser de parvenir, cesser de nuire, cultiver la dignité du présent », Corinne Morel Darleux Bureau 126, Bât. Braconnier Ecologie Je participe au groupe de travail Explorations Ecologiques. Prochaine séance: “Enseigner au temps de l&rsquo;IA ?”, animée avec Laurent Bétermin. Recherche Mes recherches portent principalement sur l&rsquo;analyse non-linéaire et les équations aux dérivées partielles [&hellip;]</p>
